{"id":33,"date":"2024-07-28T05:54:23","date_gmt":"2024-07-28T05:54:23","guid":{"rendered":"https:\/\/burkhard-puetz.de\/?page_id=33"},"modified":"2026-04-26T09:41:55","modified_gmt":"2026-04-26T09:41:55","slug":"cv","status":"publish","type":"page","link":"https:\/\/burkhard-puetz.de\/?page_id=33","title":{"rendered":"Biografisches"},"content":{"rendered":"\n<figure class=\"wp-block-image size-large\"><img loading=\"lazy\" decoding=\"async\" width=\"1024\" height=\"768\" src=\"https:\/\/burkhard-puetz.de\/wp-content\/uploads\/2024\/08\/lake-constance-4860287_1280-1024x768.jpg\" alt=\"\" class=\"wp-image-2060\" style=\"aspect-ratio:16\/9;object-fit:cover\" srcset=\"https:\/\/burkhard-puetz.de\/wp-content\/uploads\/2024\/08\/lake-constance-4860287_1280-1024x768.jpg 1024w, https:\/\/burkhard-puetz.de\/wp-content\/uploads\/2024\/08\/lake-constance-4860287_1280-300x225.jpg 300w, https:\/\/burkhard-puetz.de\/wp-content\/uploads\/2024\/08\/lake-constance-4860287_1280-768x576.jpg 768w, https:\/\/burkhard-puetz.de\/wp-content\/uploads\/2024\/08\/lake-constance-4860287_1280.jpg 1280w\" sizes=\"auto, (max-width: 1024px) 100vw, 1024px\" \/><\/figure>\n\n\n\n<div class=\"wp-block-columns is-layout-flex wp-container-core-columns-is-layout-c7d12bf1 wp-block-columns-is-layout-flex\" style=\"margin-top:0;margin-bottom:0;padding-top:var(--wp--preset--spacing--20);padding-right:0;padding-bottom:var(--wp--preset--spacing--20);padding-left:0\">\n<div class=\"wp-block-column is-layout-flow wp-block-column-is-layout-flow\">\n<h2 class=\"wp-block-heading\" style=\"padding-top:var(--wp--preset--spacing--70);padding-right:var(--wp--preset--spacing--60);padding-bottom:var(--wp--preset--spacing--70);padding-left:var(--wp--preset--spacing--60)\">Curriculum Vitae<\/h2>\n<\/div>\n\n\n\n<div class=\"wp-block-column has-theme-palette-8-background-color has-background is-layout-flow wp-block-column-is-layout-flow\" style=\"border-style:none;border-width:0px;padding-top:var(--wp--preset--spacing--50);padding-right:var(--wp--preset--spacing--40);padding-bottom:0;padding-left:0\">\n<blockquote class=\"wp-block-quote is-layout-flow wp-block-quote-is-layout-flow\">\n<p class=\"has-text-align-left\" style=\"margin-top:0;padding-top:0;padding-right:var(--wp--preset--spacing--30);padding-bottom:0;padding-left:var(--wp--preset--spacing--30);font-size:18px\"><em>\u201eGegen den Wind zu kreuzen bringt einen manchmal schneller zum Ziel, als mit dem Wind zu segeln.\u201c<\/em><\/p>\n\n\n\n<p class=\"has-text-align-right\" style=\"margin-bottom:0;padding-top:0;padding-right:var(--wp--preset--spacing--30);padding-bottom:0;padding-left:var(--wp--preset--spacing--30);font-size:16px\">Hermann Lahm<br>* 1948<\/p>\n<\/blockquote>\n<\/div>\n<\/div>\n\n\n\n<div class=\"wp-block-media-text has-media-on-the-right is-stacked-on-mobile is-vertically-aligned-top\" style=\"margin-top:var(--wp--preset--spacing--60);padding-top:var(--wp--preset--spacing--50);padding-bottom:var(--wp--preset--spacing--50);grid-template-columns:auto 20%\"><div class=\"wp-block-media-text__content\">\n<p class=\"has-medium-font-size\"><strong>Burkhard P\u00fctz<\/strong><\/p>\n\n\n\n<p>1962 in Pr\u00fcm geboren, wuchs in seinem Heimatort Eschfeld\/Eifel und im Bisch\u00f6flichen Konvikt Pr\u00fcm auf. Nach dem Abitur am Regino-Gymnasium in Pr\u00fcm absolvierte er von 1981 bis 1986 ein Studium der katholischen Kirchenmusik an der Staatlichen Musikhochschule K\u00f6ln. Dort studierte er unter anderem bei <a href=\"https:\/\/de.wikipedia.org\/wiki\/Michael_Schneider_(Organist)\" target=\"_blank\" rel=\"noreferrer noopener\">Prof. Dr. Michael Schneider<\/a> (Orgel), Prof. Dr. Albert Richenhagen (Orgelimprovisation), Prof. Vera von Schnitzler (Klavier), <a href=\"https:\/\/de.wikipedia.org\/wiki\/Rudolf_Ewerhart\" target=\"_blank\" rel=\"noreferrer noopener\">Prof. Dr. Rudolf Ewerhart<\/a> (Chorleitung) und <a href=\"https:\/\/de.wikipedia.org\/wiki\/Edith_Gabry\" target=\"_blank\" rel=\"noreferrer noopener\">Prof. Edith Kert\u00e9sz<\/a> (Gesang). Die Ausbildung erg\u00e4nzte er durch Meisterkurse bei renommierten Musikern wie Daniel Chorzempa, Hermann Josef Busch, Willibrord Heckenbach, Johannes H\u00f6mberg, Michael Radulescu und Peter Neumann.<\/p>\n\n\n\n<p>Seine berufliche Laufbahn begann er mit nebenamtlichen T\u00e4tigkeiten als Organist und Chorleiter an der Heimatkirche St. Luzia Eschfeld (1975-1986) sowie an St. Michael in Bollendorf (1983-1986).<br>1986 \u00fcbernahm er die Stelle eines hauptamtlichen Kirchenmusikers an der Heiligkreuzkirche in Trier. Seit 1992 wirkte er zus\u00e4tzlich als Kantor an St. Maternus und ab 2001 auch in der Pfarrei St. Michael in Trier-Mariahof.<\/p>\n\n\n\n<p>In diesen Gemeinden entwickelte Burkhard P\u00fctz ein reges kirchenmusikalisches Leben sowohl in Gottesdiensten als auch in Konzerten. Er leitete die Chorgemeinschaft Heiligkreuz Trier sowie mehrere Gruppen des Kinder- und Jugendchores Heiligkreuz, welche er auch instrumentalp\u00e4dagogisch betreute.<br>F\u00fcr den Bau der Orgeln in den Trierer Kirchen Heiligkreuz (Sauer 1995) und St. Michael (Klais-Fasen 2009) gab er wesentliche Impulse.<\/p>\n\n\n\n<p>Von 2000 an war er Dekanatskantor f\u00fcr das Dekanat Trier, ab 2022 auch f\u00fcr den Pastoralen Raum Trier. In dieser Funktion initiierte er zahlreiche Dekanatssingen der Kirchench\u00f6re, Stimmbildungsseminare und <a href=\"https:\/\/burkhard-puetz.de\/wp-content\/uploads\/2024\/09\/Dekanatssingen-Workshops-Chorprojekte-Trier-1999-2018-Ltg.-B.-Puetz.pdf\" data-type=\"attachment\" data-id=\"2703\" target=\"_blank\" rel=\"noreferrer noopener\">Chorprojekte<\/a>.<br>Dar\u00fcber hinaus unterrichtete er an der Bisch\u00f6flichen Kirchenmusikschule Trier in der C- und D-Ausbildung die F\u00e4cher Orgel und Klavier sowie in der Kantorenausbildung des Bistums.<\/p>\n\n\n\n<p>Zwischen 2006 und 2015 leitete er das Vokalensemble Jubilate Musica in Luxemburg, 2016 bis 2023 den Projekt-Kammerchor Cappella vocale Trier.<br>Im Anschluss an die Trierer Di\u00f6zesansynode engagierte er sich ab 2019 im Entwicklungsprozess Kirchenmusik und in der Arbeitsgruppe zur Umsetzung der synodalen Ergebnisse auf Bistumsebene.<br>Seit 2020 erstellte er die Liedvorschl\u00e4ge f\u00fcr alle Tage des Kirchenjahres im j\u00e4hrlich erscheinenden <a href=\"https:\/\/www.bistum-trier.de\/export\/sites\/portal\/glaube-und-seelsorge\/.galleries\/dokumente\/Direktorium_TR_2025_26-final.pdf\" target=\"_blank\" rel=\"noreferrer noopener\">Direktorium<\/a> des Bistums Trier.<\/p>\n\n\n\n<p class=\"has-text-align-left\">Aus seiner praktischen Arbeit heraus ver\u00f6ffentlicht Burkhard P\u00fctz zudem Kompositionen und Arrangements f\u00fcr verschiedene vokale und instrumentale Besetzungen, die unter anderem bei den Verlagen <a href=\"https:\/\/www.baerenreiter.com\/product\/BA08250\" target=\"_blank\" rel=\"noreferrer noopener\">B\u00e4renreiter<\/a>, <a href=\"https:\/\/www.stretta-music.de\/unterwegs-nr-218224.html\" target=\"_blank\" rel=\"noreferrer noopener\">Strube<\/a> und <a href=\"https:\/\/www.ph-publishers.com\/product_info.php?products_id=780\" target=\"_blank\" rel=\"noreferrer noopener\">PH Publishers<\/a> erschienen sind.<\/p>\n\n\n\n<p>Zum 31. M\u00e4rz 2026 beendete er seine hauptamtliche kirchenmusikalische T\u00e4tigkeit und richtet seinen Schwerpunkt seither auf freiberufliche musikalische Projekte.<\/p>\n\n\n\n<figure class=\"wp-block-image size-large\"><img loading=\"lazy\" decoding=\"async\" width=\"1024\" height=\"623\" src=\"https:\/\/burkhard-puetz.de\/wp-content\/uploads\/2026\/04\/Marktbrunnen-Kiedrich-Auschnitt-1024x623.jpg\" alt=\"\" class=\"wp-image-3518\" srcset=\"https:\/\/burkhard-puetz.de\/wp-content\/uploads\/2026\/04\/Marktbrunnen-Kiedrich-Auschnitt-1024x623.jpg 1024w, https:\/\/burkhard-puetz.de\/wp-content\/uploads\/2026\/04\/Marktbrunnen-Kiedrich-Auschnitt-300x182.jpg 300w, https:\/\/burkhard-puetz.de\/wp-content\/uploads\/2026\/04\/Marktbrunnen-Kiedrich-Auschnitt-768x467.jpg 768w, https:\/\/burkhard-puetz.de\/wp-content\/uploads\/2026\/04\/Marktbrunnen-Kiedrich-Auschnitt-1536x934.jpg 1536w, https:\/\/burkhard-puetz.de\/wp-content\/uploads\/2026\/04\/Marktbrunnen-Kiedrich-Auschnitt.jpg 1653w\" sizes=\"auto, (max-width: 1024px) 100vw, 1024px\" \/><figcaption class=\"wp-element-caption\"><strong>puteus aquarum viventium<\/strong><br><em>\u201e\u2026ein Brunnen lebendigen Wassers\u2026\u201c<\/em> (Hld 4,15)<br>Aus einer Rheingauer Antiphon in Hufnagelnotation, <br>eingraviert am Marktbrunnen in Kiedrich.<\/figcaption><\/figure>\n\n\n\n<hr class=\"wp-block-separator has-alpha-channel-opacity\"\/>\n<\/div><figure class=\"wp-block-media-text__media\"><img loading=\"lazy\" decoding=\"async\" width=\"683\" height=\"1024\" src=\"https:\/\/burkhard-puetz.de\/wp-content\/uploads\/2024\/07\/Puetz-Burkhard-klein-1-683x1024.jpg\" alt=\"Burkhard P\u00fctz 2006\" class=\"wp-image-45 size-large\" srcset=\"https:\/\/burkhard-puetz.de\/wp-content\/uploads\/2024\/07\/Puetz-Burkhard-klein-1-683x1024.jpg 683w, https:\/\/burkhard-puetz.de\/wp-content\/uploads\/2024\/07\/Puetz-Burkhard-klein-1-200x300.jpg 200w, https:\/\/burkhard-puetz.de\/wp-content\/uploads\/2024\/07\/Puetz-Burkhard-klein-1.jpg 768w\" sizes=\"auto, (max-width: 683px) 100vw, 683px\" \/><\/figure><\/div>\n\n\n\n<h6 class=\"wp-block-heading\">Aus dem Gemeindebrief der Pfarrei <br>Trier Heiligkreuz-Mariahof (Weihnachten 2025):<\/h6>\n\n\n\n<p class=\"has-theme-palette-7-background-color has-background\"><strong>Ein Schritt mit Weitblick \u2013 Abschied aus dem Hauptamt<\/strong><br><br>Zum 31. M\u00e4rz 2026 endet meine hauptamtliche T\u00e4tigkeit als Kirchenmusiker \u2013 ein bewusst gew\u00e4hlter Schritt, den ich seit Langem vorbereitet habe.<br>Bereits 2023 habe ich auf die \u00dcbernahme des Leitenden Kantorats im Pastoralen Raum verzichtet, da eine so umfassende Aufgabe kurz vor dem Ruhestand nicht mehr sinnvoll erschien.<br><br>Mit gro\u00dfer Dankbarkeit blicke ich zur\u00fcck auf f\u00fcnf Jahrzehnte als Organist \u2013 seit 1975 \u2013, darunter vierzig Jahre in hauptamtlicher Funktion als Kirchenmusiker, Chorleiter und Organist an den Kirchen Heiligkreuz, St.&nbsp;Maternus und St.&nbsp;Michael in Trier (seit&nbsp;1986).<br>Besonders erf\u00fcllend war es, beim Bau zweier neuer Orgeln in Heiligkreuz (1995) und St.&nbsp;Michael (2009) beratend und tatkr\u00e4ftig mitzuwirken.<br>Ebenso pr\u00e4gend waren die f\u00fcnfundzwanzig Jahre als Dekanatskantor im Dekanat bzw. Pastoralen Raum Trier (seit&nbsp;2000).<br><br>Von Herzen danke ich allen Unterst\u00fctzerinnen und Unterst\u00fctzern sowie Weggef\u00e4hrten, die mich \u00fcber all die Jahre begleitet haben \u2013 insbesondere den S\u00e4ngerinnen und S\u00e4ngern meiner Ch\u00f6re \u2013 f\u00fcr ihr gro\u00dfartiges Engagement und die vielen musikalischen Gottesdienste, Konzerte und Veranstaltungen, die wir gemeinsam gestalten durften.<br><br>Zum 1. April 2026 beabsichtige ich, in den vorgezogenen Ruhestand zu treten \u2013 und dennoch weiterhin in allen bisherigen Bereichen musikalisch t\u00e4tig zu bleiben, dann im Nebenamt.<br><br>Schon heute sei herzlich zur Verabschiedung im Rahmen des Hochamtes am Sonntag, 1.&nbsp;Februar&nbsp;2026, um&nbsp;11.00 Uhr in St.&nbsp;Michael eingeladen.<br>Die Chorgemeinschaft Heiligkreuz wird diesen besonderen Gottesdienst mit festlicher Musik bereichern \u2013 ein Moment des R\u00fcckblicks, der Dankbarkeit und der Zuversicht auf neue Wege.<br><br>Trier, im November 2025<br>Burkhard P\u00fctz, Dekanatskantor<\/p>\n","protected":false},"excerpt":{"rendered":"<p>Curriculum Vitae \u201eGegen den Wind zu kreuzen bringt einen manchmal schneller zum Ziel, als mit dem Wind zu segeln.\u201c Hermann Lahm* 1948 Aus dem Gemeindebrief der Pfarrei Trier Heiligkreuz-Mariahof (Weihnachten&#8230;<\/p>\n","protected":false},"author":1,"featured_media":0,"parent":0,"menu_order":0,"comment_status":"closed","ping_status":"closed","template":"","meta":{"_kadence_starter_templates_imported_post":false,"_kad_post_transparent":"","_kad_post_title":"","_kad_post_layout":"narrow","_kad_post_sidebar_id":"","_kad_post_content_style":"","_kad_post_vertical_padding":"","_kad_post_feature":"","_kad_post_feature_position":"","_kad_post_header":false,"_kad_post_footer":false,"_kad_post_classname":"","footnotes":""},"class_list":["post-33","page","type-page","status-publish","hentry"],"_links":{"self":[{"href":"https:\/\/burkhard-puetz.de\/index.php?rest_route=\/wp\/v2\/pages\/33","targetHints":{"allow":["GET"]}}],"collection":[{"href":"https:\/\/burkhard-puetz.de\/index.php?rest_route=\/wp\/v2\/pages"}],"about":[{"href":"https:\/\/burkhard-puetz.de\/index.php?rest_route=\/wp\/v2\/types\/page"}],"author":[{"embeddable":true,"href":"https:\/\/burkhard-puetz.de\/index.php?rest_route=\/wp\/v2\/users\/1"}],"replies":[{"embeddable":true,"href":"https:\/\/burkhard-puetz.de\/index.php?rest_route=%2Fwp%2Fv2%2Fcomments&post=33"}],"version-history":[{"count":72,"href":"https:\/\/burkhard-puetz.de\/index.php?rest_route=\/wp\/v2\/pages\/33\/revisions"}],"predecessor-version":[{"id":3522,"href":"https:\/\/burkhard-puetz.de\/index.php?rest_route=\/wp\/v2\/pages\/33\/revisions\/3522"}],"wp:attachment":[{"href":"https:\/\/burkhard-puetz.de\/index.php?rest_route=%2Fwp%2Fv2%2Fmedia&parent=33"}],"curies":[{"name":"wp","href":"https:\/\/api.w.org\/{rel}","templated":true}]}}

<figure class="wp-block-image size-large"><img loading="lazy" decoding="async" width="1024" height="768" src="https://burkhard-puetz.de/wp-content/uploads/2024/08/lake-constance-4860287_1280-1024x768.jpg" alt="" class="wp-image-2060" style="aspect-ratio:16/9;object-fit:cover" srcset="https://burkhard-puetz.de/wp-content/uploads/2024/08/lake-constance-4860287_1280-1024x768.jpg 1024w, https://burkhard-puetz.de/wp-content/uploads/2024/08/lake-constance-4860287_1280-300x225.jpg 300w, https://burkhard-puetz.de/wp-content/uploads/2024/08/lake-constance-4860287_1280-768x576.jpg 768w, https://burkhard-puetz.de/wp-content/uploads/2024/08/lake-constance-4860287_1280.jpg 1280w" sizes="auto, (max-width: 1024px) 100vw, 1024px" /></figure>



<div class="wp-block-columns is-layout-flex wp-container-core-columns-is-layout-c7d12bf1 wp-block-columns-is-layout-flex" style="margin-top:0;margin-bottom:0;padding-top:var(--wp--preset--spacing--20);padding-right:0;padding-bottom:var(--wp--preset--spacing--20);padding-left:0">
<div class="wp-block-column is-layout-flow wp-block-column-is-layout-flow">
<h2 class="wp-block-heading" style="padding-top:var(--wp--preset--spacing--70);padding-right:var(--wp--preset--spacing--60);padding-bottom:var(--wp--preset--spacing--70);padding-left:var(--wp--preset--spacing--60)">Curriculum Vitae</h2>
</div>



<div class="wp-block-column has-theme-palette-8-background-color has-background is-layout-flow wp-block-column-is-layout-flow" style="border-style:none;border-width:0px;padding-top:var(--wp--preset--spacing--50);padding-right:var(--wp--preset--spacing--40);padding-bottom:0;padding-left:0">
<blockquote class="wp-block-quote is-layout-flow wp-block-quote-is-layout-flow">
<p class="has-text-align-left" style="margin-top:0;padding-top:0;padding-right:var(--wp--preset--spacing--30);padding-bottom:0;padding-left:var(--wp--preset--spacing--30);font-size:18px"><em>„Gegen den Wind zu kreuzen bringt einen manchmal schneller zum Ziel, als mit dem Wind zu segeln.“</em></p>



<p class="has-text-align-right" style="margin-bottom:0;padding-top:0;padding-right:var(--wp--preset--spacing--30);padding-bottom:0;padding-left:var(--wp--preset--spacing--30);font-size:16px">Hermann Lahm<br>* 1948</p>
</blockquote>
</div>
</div>



<div class="wp-block-media-text has-media-on-the-right is-stacked-on-mobile is-vertically-aligned-top" style="margin-top:var(--wp--preset--spacing--60);padding-top:var(--wp--preset--spacing--50);padding-bottom:var(--wp--preset--spacing--50);grid-template-columns:auto 20%"><div class="wp-block-media-text__content">
<p class="has-medium-font-size"><strong>Burkhard Pütz</strong></p>



<p>1962 in Prüm geboren, wuchs in seinem Heimatort Eschfeld/Eifel und im Bischöflichen Konvikt Prüm auf. Nach dem Abitur am Regino-Gymnasium in Prüm absolvierte er von 1981 bis 1986 ein Studium der katholischen Kirchenmusik an der Staatlichen Musikhochschule Köln. Dort studierte er unter anderem bei <a href="https://de.wikipedia.org/wiki/Michael_Schneider_(Organist)" target="_blank" rel="noreferrer noopener">Prof. Dr. Michael Schneider</a> (Orgel), Prof. Dr. Albert Richenhagen (Orgelimprovisation), Prof. Vera von Schnitzler (Klavier), <a href="https://de.wikipedia.org/wiki/Rudolf_Ewerhart" target="_blank" rel="noreferrer noopener">Prof. Dr. Rudolf Ewerhart</a> (Chorleitung) und <a href="https://de.wikipedia.org/wiki/Edith_Gabry" target="_blank" rel="noreferrer noopener">Prof. Edith Kertész</a> (Gesang). Die Ausbildung ergänzte er durch Meisterkurse bei renommierten Musikern wie Daniel Chorzempa, Hermann Josef Busch, Willibrord Heckenbach, Johannes Hömberg, Michael Radulescu und Peter Neumann.</p>



<p>Seine berufliche Laufbahn begann er mit nebenamtlichen Tätigkeiten als Organist und Chorleiter an der Heimatkirche St. Luzia Eschfeld (1975-1986) sowie an St. Michael in Bollendorf (1983-1986).<br>1986 übernahm er die Stelle eines hauptamtlichen Kirchenmusikers an der Heiligkreuzkirche in Trier. Seit 1992 wirkte er zusätzlich als Kantor an St. Maternus und ab 2001 auch in der Pfarrei St. Michael in Trier-Mariahof.</p>



<p>In diesen Gemeinden entwickelte Burkhard Pütz ein reges kirchenmusikalisches Leben sowohl in Gottesdiensten als auch in Konzerten. Er leitete die Chorgemeinschaft Heiligkreuz Trier sowie mehrere Gruppen des Kinder- und Jugendchores Heiligkreuz, welche er auch instrumentalpädagogisch betreute.<br>Für den Bau der Orgeln in den Trierer Kirchen Heiligkreuz (Sauer 1995) und St. Michael (Klais-Fasen 2009) gab er wesentliche Impulse.</p>



<p>Von 2000 an war er Dekanatskantor für das Dekanat Trier, ab 2022 auch für den Pastoralen Raum Trier. In dieser Funktion initiierte er zahlreiche Dekanatssingen der Kirchenchöre, Stimmbildungsseminare und <a href="https://burkhard-puetz.de/wp-content/uploads/2024/09/Dekanatssingen-Workshops-Chorprojekte-Trier-1999-2018-Ltg.-B.-Puetz.pdf" data-type="attachment" data-id="2703" target="_blank" rel="noreferrer noopener">Chorprojekte</a>.<br>Darüber hinaus unterrichtete er an der Bischöflichen Kirchenmusikschule Trier in der C- und D-Ausbildung die Fächer Orgel und Klavier sowie in der Kantorenausbildung des Bistums.</p>



<p>Zwischen 2006 und 2015 leitete er das Vokalensemble Jubilate Musica in Luxemburg, 2016 bis 2023 den Projekt-Kammerchor Cappella vocale Trier.<br>Im Anschluss an die Trierer Diözesansynode engagierte er sich ab 2019 im Entwicklungsprozess Kirchenmusik und in der Arbeitsgruppe zur Umsetzung der synodalen Ergebnisse auf Bistumsebene.<br>Seit 2020 erstellte er die Liedvorschläge für alle Tage des Kirchenjahres im jährlich erscheinenden <a href="https://www.bistum-trier.de/export/sites/portal/glaube-und-seelsorge/.galleries/dokumente/Direktorium_TR_2025_26-final.pdf" target="_blank" rel="noreferrer noopener">Direktorium</a> des Bistums Trier.</p>



<p class="has-text-align-left">Aus seiner praktischen Arbeit heraus veröffentlicht Burkhard Pütz zudem Kompositionen und Arrangements für verschiedene vokale und instrumentale Besetzungen, die unter anderem bei den Verlagen <a href="https://www.baerenreiter.com/product/BA08250" target="_blank" rel="noreferrer noopener">Bärenreiter</a>, <a href="https://www.stretta-music.de/unterwegs-nr-218224.html" target="_blank" rel="noreferrer noopener">Strube</a> und <a href="https://www.ph-publishers.com/product_info.php?products_id=780" target="_blank" rel="noreferrer noopener">PH Publishers</a> erschienen sind.</p>



<p>Zum 31. März 2026 beendete er seine hauptamtliche kirchenmusikalische Tätigkeit und richtet seinen Schwerpunkt seither auf freiberufliche musikalische Projekte.</p>



<figure class="wp-block-image size-large"><img loading="lazy" decoding="async" width="1024" height="623" src="https://burkhard-puetz.de/wp-content/uploads/2026/04/Marktbrunnen-Kiedrich-Auschnitt-1024x623.jpg" alt="" class="wp-image-3518" srcset="https://burkhard-puetz.de/wp-content/uploads/2026/04/Marktbrunnen-Kiedrich-Auschnitt-1024x623.jpg 1024w, https://burkhard-puetz.de/wp-content/uploads/2026/04/Marktbrunnen-Kiedrich-Auschnitt-300x182.jpg 300w, https://burkhard-puetz.de/wp-content/uploads/2026/04/Marktbrunnen-Kiedrich-Auschnitt-768x467.jpg 768w, https://burkhard-puetz.de/wp-content/uploads/2026/04/Marktbrunnen-Kiedrich-Auschnitt-1536x934.jpg 1536w, https://burkhard-puetz.de/wp-content/uploads/2026/04/Marktbrunnen-Kiedrich-Auschnitt.jpg 1653w" sizes="auto, (max-width: 1024px) 100vw, 1024px" /><figcaption class="wp-element-caption"><strong>puteus aquarum viventium</strong><br><em>„…ein Brunnen lebendigen Wassers…“</em> (Hld 4,15)<br>Aus einer Rheingauer Antiphon in Hufnagelnotation, <br>eingraviert am Marktbrunnen in Kiedrich.</figcaption></figure>



<hr class="wp-block-separator has-alpha-channel-opacity"/>
</div><figure class="wp-block-media-text__media"><img loading="lazy" decoding="async" width="683" height="1024" src="https://burkhard-puetz.de/wp-content/uploads/2024/07/Puetz-Burkhard-klein-1-683x1024.jpg" alt="Burkhard Pütz 2006" class="wp-image-45 size-large" srcset="https://burkhard-puetz.de/wp-content/uploads/2024/07/Puetz-Burkhard-klein-1-683x1024.jpg 683w, https://burkhard-puetz.de/wp-content/uploads/2024/07/Puetz-Burkhard-klein-1-200x300.jpg 200w, https://burkhard-puetz.de/wp-content/uploads/2024/07/Puetz-Burkhard-klein-1.jpg 768w" sizes="auto, (max-width: 683px) 100vw, 683px" /></figure></div>



<h6 class="wp-block-heading">Aus dem Gemeindebrief der Pfarrei <br>Trier Heiligkreuz-Mariahof (Weihnachten 2025):</h6>



<p class="has-theme-palette-7-background-color has-background"><strong>Ein Schritt mit Weitblick – Abschied aus dem Hauptamt</strong><br><br>Zum 31. März 2026 endet meine hauptamtliche Tätigkeit als Kirchenmusiker – ein bewusst gewählter Schritt, den ich seit Langem vorbereitet habe.<br>Bereits 2023 habe ich auf die Übernahme des Leitenden Kantorats im Pastoralen Raum verzichtet, da eine so umfassende Aufgabe kurz vor dem Ruhestand nicht mehr sinnvoll erschien.<br><br>Mit großer Dankbarkeit blicke ich zurück auf fünf Jahrzehnte als Organist – seit 1975 –, darunter vierzig Jahre in hauptamtlicher Funktion als Kirchenmusiker, Chorleiter und Organist an den Kirchen Heiligkreuz, St.&nbsp;Maternus und St.&nbsp;Michael in Trier (seit&nbsp;1986).<br>Besonders erfüllend war es, beim Bau zweier neuer Orgeln in Heiligkreuz (1995) und St.&nbsp;Michael (2009) beratend und tatkräftig mitzuwirken.<br>Ebenso prägend waren die fünfundzwanzig Jahre als Dekanatskantor im Dekanat bzw. Pastoralen Raum Trier (seit&nbsp;2000).<br><br>Von Herzen danke ich allen Unterstützerinnen und Unterstützern sowie Weggefährten, die mich über all die Jahre begleitet haben – insbesondere den Sängerinnen und Sängern meiner Chöre – für ihr großartiges Engagement und die vielen musikalischen Gottesdienste, Konzerte und Veranstaltungen, die wir gemeinsam gestalten durften.<br><br>Zum 1. April 2026 beabsichtige ich, in den vorgezogenen Ruhestand zu treten – und dennoch weiterhin in allen bisherigen Bereichen musikalisch tätig zu bleiben, dann im Nebenamt.<br><br>Schon heute sei herzlich zur Verabschiedung im Rahmen des Hochamtes am Sonntag, 1.&nbsp;Februar&nbsp;2026, um&nbsp;11.00 Uhr in St.&nbsp;Michael eingeladen.<br>Die Chorgemeinschaft Heiligkreuz wird diesen besonderen Gottesdienst mit festlicher Musik bereichern – ein Moment des Rückblicks, der Dankbarkeit und der Zuversicht auf neue Wege.<br><br>Trier, im November 2025<br>Burkhard Pütz, Dekanatskantor</p>
