{"id":382,"date":"2024-08-05T15:20:11","date_gmt":"2024-08-05T15:20:11","guid":{"rendered":"https:\/\/burkhard-puetz.de\/?page_id=382"},"modified":"2026-04-01T09:31:58","modified_gmt":"2026-04-01T09:31:58","slug":"cappella-vocale","status":"publish","type":"page","link":"https:\/\/burkhard-puetz.de\/?page_id=382","title":{"rendered":"Cappella vocale"},"content":{"rendered":"\n<figure class=\"wp-block-image size-large\"><img loading=\"lazy\" decoding=\"async\" width=\"1024\" height=\"728\" src=\"https:\/\/burkhard-puetz.de\/wp-content\/uploads\/2024\/08\/DSC_0693bearb-klein-1024x728.jpg\" alt=\"\" class=\"wp-image-648\" srcset=\"https:\/\/burkhard-puetz.de\/wp-content\/uploads\/2024\/08\/DSC_0693bearb-klein-1024x728.jpg 1024w, https:\/\/burkhard-puetz.de\/wp-content\/uploads\/2024\/08\/DSC_0693bearb-klein-300x213.jpg 300w, https:\/\/burkhard-puetz.de\/wp-content\/uploads\/2024\/08\/DSC_0693bearb-klein-768x546.jpg 768w, https:\/\/burkhard-puetz.de\/wp-content\/uploads\/2024\/08\/DSC_0693bearb-klein-1536x1091.jpg 1536w, https:\/\/burkhard-puetz.de\/wp-content\/uploads\/2024\/08\/DSC_0693bearb-klein.jpg 1710w\" sizes=\"auto, (max-width: 1024px) 100vw, 1024px\" \/><figcaption class=\"wp-element-caption\">Cappella vocale | Projekt-Kammerchor Trier 2016 | Leitung: Dekanatskantor Burkhard P\u00fctz<\/figcaption><\/figure>\n\n\n\n<p>Im M\u00e4rz 2016 startete der neue Projekt-Kammerchor <em>Cappella vocale Trier<\/em>.<br>Chorerfahrene und versierte S\u00e4ngerinnen und S\u00e4nger aus dem Dekanat Trier und Umgebung bieten ein bis zweimal j\u00e4hrlich unter der Leitung von Dekanatskantor Burkhard P\u00fctz anspruchsvolle geistliche Chorwerke \u2013 zumeist a-cappella-Kompositionen \u2013 in Konzert oder Gottesdienst dar.<br>Die projektweise vorbereiteten Auff\u00fchrungen finden in verschiedenen Kirchen der Stadt Trier und dar\u00fcber hinaus statt.<br>Durch die Auswahl der Literatur \u2013 von der Alten Musik bis hin zu zeitgen\u00f6ssischen Werken \u2013 setzt das Ensemble besondere musikalische Akzente.<\/p>\n\n\n\n<hr class=\"wp-block-separator has-alpha-channel-opacity\"\/>\n\n\n\n<p>Voraussetzungen zur Teilnahme:<\/p>\n\n\n\n<ul class=\"wp-block-list\">\n<li>Chorerfahrung<\/li>\n\n\n\n<li>Notenkenntnisse\/Blattsing-F\u00e4higkeiten<\/li>\n\n\n\n<li>ggf. Vorsingen<\/li>\n\n\n\n<li>zuverl\u00e4ssige Teilnahme an den Proben und Auff\u00fchrungen f\u00fcr das jeweilige Projekt<\/li>\n\n\n\n<li>eigenes Notenstudium vor Probenbeginn<\/li>\n<\/ul>\n\n\n\n<hr class=\"wp-block-separator has-alpha-channel-opacity\"\/>\n\n\n\n<p><strong>Letztes Projekt 2023:<\/strong><\/p>\n\n\n\n<p><strong>ZDF-Gottesdienst (Live-\u00dcbertragung) aus St. Michael, Trier-Mariahof<br><\/strong>am Sonntag, 6. August 2023&nbsp; | 9:30 | Verkl\u00e4rung des Herrn<\/p>\n\n\n\n<p><strong>Programm:<\/strong><\/p>\n\n\n\n<p>&#8211;&nbsp; Richard Runciman Terry (1865-1938): Mass of St. Dominic in C for four voices and organ (Ausz\u00fcge)<br>&#8211;&nbsp; Charles Hubert Hastings Parry (1848-1918): Du h\u00f6chstes Licht, du ewger Schein (&#8220;Jerusalem&#8221;)<br>&#8211;&nbsp; Anton Reinthaler: Choreinleitung &#8220;Gott in der H\u00f6h sei Preis und Ehr&#8221;<br>&#8211;&nbsp; Burkhard P\u00fctz: Liedkantate &#8220;Herr, nimm auch uns zum Tabor mit&#8221; u. a.<\/p>\n\n\n\n<p><em>Ausf\u00fchrende:<\/em><br>Projektchor <em>Cappella vocale<\/em> Trier-Heiligkreuz<br>C\u00e4cilia Lauterbach, Kantorengesang<br>KMD Michael Meuser, Orgel<br>Leitung: Dekanatskantor Burkhard P\u00fctz<\/p>\n\n\n\n<p>Live-Mitschnitt in der ZDF-Mediathek:<\/p>\n\n\n\n<p class=\"has-text-align-center\"><a href=\"https:\/\/www.zdf.de\/gesellschaft\/gottesdienste\/katholischer-gottesdienst-502.html\" target=\"_blank\" rel=\"noreferrer noopener\">www.zdf.de<\/a>&nbsp;<\/p>\n\n\n\n<p><a href=\"https:\/\/burkhard-puetz.de\/?page_id=418\" data-type=\"page\" data-id=\"418\" target=\"_blank\" rel=\"noreferrer noopener\">Fotos<\/a><\/p>\n\n\n\n<hr class=\"wp-block-separator has-alpha-channel-opacity\"\/>\n\n\n\n<p><strong>Projekt 2018:&nbsp;<\/strong><\/p>\n\n\n\n<p><strong>Evensong in der Konstantin-Basilika Trier<\/strong><\/p>\n\n\n\n<p>Bis einschlie\u00dflich November 2018 finden am letzten Freitag im Monat um 19 Uhr in der Konstantin-Basilika Trier Evensongs&nbsp;\u2013 gesungene Abendgottesdienste&nbsp;\u2013 statt, jeweils gestaltet unter der Mitwirkung namhafter Ch\u00f6re der Stadt und der Region Trier oder von weiter her.<br>Der Evensong ist ein liturgisches und musikalisches Juwel in der Liturgie der Anglikanischen Kirche. Seit 2016 wird diese Andachtsform aus England, in der sich Chormusik und Wort in \u00f6kumenischer Weite erg\u00e4nzen, in der Evangelischen Kirche zum Erl\u00f6ser regelm\u00e4\u00dfig gepflegt.<\/p>\n\n\n\n<p>Die Evensong-Termine des Jahres 2018 in der \u00dcbersicht:<\/p>\n\n\n\n<p>26. Januar: Evensong-Projektchor (Leitung: KMD Martin Bambauer) | Ulrich Krupp, Orgel&nbsp;<\/p>\n\n\n\n<p>23. Februar: Caspar-Olevian-Chor (Leitung: KMD Martin Bambauer) | Klauspeter Bungert, Orgel&nbsp;<\/p>\n\n\n\n<p>27. April:&nbsp;Evensong-Projektchor (Leitung: KMD Martin Bambauer) | KMD Carsten Wiebusch (Karlsruhe), Orgel&nbsp;<\/p>\n\n\n\n<p>25. Mai: Trierer Bachchor (Leitung: KMD Martin Bambauer) | Klauspeter Bungert, Orgel&nbsp;<\/p>\n\n\n\n<p>29. Juni:&nbsp;Chor des Pembroke College (Universit\u00e4t Oxford)&nbsp;<\/p>\n\n\n\n<p>31. August: Friedrich-Spee-Chor (Leitung: Jan Wilke) | KMD Martin Bambauer, Orgel&nbsp;<\/p>\n\n\n\n<p>28. September: Cantores Trevirenses (Leitung: Matthias Balzer) | KMD Martin Bambauer, Orgel&nbsp;<\/p>\n\n\n\n<p><strong>26. Oktober:<br>Cappella vocale (Leitung: Dekanatskantor Burkhard P\u00fctz) | KMD Martin Bambauer, Orgel | Liturg: Pfarrerin Vera Zens<\/strong><\/p>\n\n\n\n<p class=\"has-text-align-center\"><a href=\"https:\/\/burkhard-puetz.de\/wp-content\/uploads\/2024\/08\/Evensong-26.10.2018-Cappella-vocale-Trier.pdf\" data-type=\"attachment\" data-id=\"1298\" target=\"_blank\" rel=\"noreferrer noopener\">Programmheft<\/a><\/p>\n\n\n\n<p>30. November: Trierer Domchor (Leitung: Domkapellmeister Prof. Thomas Kiefer) | KMD Martin Bambauer, Orgel<\/p>\n\n\n\n<p><em>Cappella vocale<\/em>&nbsp; f\u00fchrt das Programm des Evensongs bereits vorher in einem Abendlob des Dekanats Hermeskeil auf:<\/p>\n\n\n\n<p><strong>Sonntag, 7. Oktober 2018 | 18:00 | Abendlob | Kirche St. Remigius in Reinsfeld<br><\/strong><\/p>\n\n\n\n<p><strong>Programm:<\/strong><\/p>\n\n\n\n<ul class=\"wp-block-list\">\n<li>Thomas Tallis (um 1505-1585):<br>Glory to thee, my God, this night<br>(Arr.: Kenneth Brown)<br><\/li>\n\n\n\n<li>Charles Villiers Stanford (1852-1924):<br>A Song of Trust (Psalm 121)&nbsp;<br>Nr. 2 aus: Six Bible Songs op. 113<br><\/li>\n\n\n\n<li>Charles Wood (1866-1926):<br>Magnificat and Nunc dimittis in D<br><\/li>\n\n\n\n<li>Charles Villiers Stanford (1852-1924):<br>O for a closer walk with God<br>aus: Six Hymns (1910)<br><\/li>\n\n\n\n<li>Jacques Berthier (1923-1994):<br>Kyrie-Kanon (Chorsatz: Burkhard P\u00fctz)<br><\/li>\n\n\n\n<li>William Henry Monk (1823-1889):<br>Abide with me &#8211; Bleib bei uns, Herr<br>(Arr.: Burkhard P\u00fctz)<\/li>\n<\/ul>\n\n\n\n<hr class=\"wp-block-separator has-alpha-channel-opacity\"\/>\n\n\n\n<p><strong>Projekt 2017:<\/strong><\/p>\n\n\n\n<p>Im Rahmen der <a href=\"http:\/\/www.liturgische-tagung.info\/\" data-type=\"link\" data-id=\"http:\/\/www.liturgische-tagung.info\/\" target=\"_blank\" rel=\"noreferrer noopener\">18. K\u00f6lner&nbsp;Internationalen Liturgischen Tagung<\/a><br>29. M\u00e4rz &#8211; 1. April 2017 in Herzogenrath bei Aachen:<\/p>\n\n\n\n<p>Donnerstag, 30. M\u00e4rz 2017 | 17:00 | Filialkirche St. Marien Herzogenrath (Kleikstra\u00dfe 58)<\/p>\n\n\n\n<p>Pontifikalamt nach &#8220;Divine Worship \u2013 The Missal&#8221;<br>Zelebrant und Prediger:<br>S.E. Bischof Steven Lopes, Houston\/Texas USA<\/p>\n\n\n\n<p>William Byrd (1543-1623):<br>&#8211; Mass for four voices<br>&#8211; Beata Virgo<br>&#8211; Ave verum corpus<\/p>\n\n\n\n<p>Gregorianischer Choral der Votivmesse von den Sieben Schmerzen Mariens &#8220;Saint Mary in Passiontide&#8221;<br><em>Ausf\u00fchrende:<\/em><br>Ensemble Cappella vocale Trier<br>Leitung: Kantor Burkhard P\u00fctz<br>Dr. Michael Tunger, Orgel<\/p>\n\n\n\n<p><a href=\"https:\/\/burkhard-puetz.de\/?page_id=418\" data-type=\"page\" data-id=\"418\" target=\"_blank\" rel=\"noreferrer noopener\">Fotos<\/a><\/p>\n\n\n\n<figure class=\"wp-block-image size-large\"><img loading=\"lazy\" decoding=\"async\" width=\"1024\" height=\"564\" src=\"https:\/\/burkhard-puetz.de\/wp-content\/uploads\/2024\/08\/DSC_0282a-1024x564.jpg\" alt=\"\" class=\"wp-image-623\" srcset=\"https:\/\/burkhard-puetz.de\/wp-content\/uploads\/2024\/08\/DSC_0282a-1024x564.jpg 1024w, https:\/\/burkhard-puetz.de\/wp-content\/uploads\/2024\/08\/DSC_0282a-300x165.jpg 300w, https:\/\/burkhard-puetz.de\/wp-content\/uploads\/2024\/08\/DSC_0282a-768x423.jpg 768w, https:\/\/burkhard-puetz.de\/wp-content\/uploads\/2024\/08\/DSC_0282a.jpg 1201w\" sizes=\"auto, (max-width: 1024px) 100vw, 1024px\" \/><figcaption class=\"wp-element-caption\">18. K\u00f6lner Internationale Liturgische Tagung: Herzogenrath 30.03.17 | Nach dem Pontifikalamt in St. Marien, Herzogenrath: Ensemble CAPPELLA VOCALE Trier mit Bischof Steven Lopes, Houston\/Texas USA<\/figcaption><\/figure>\n\n\n\n<p><a href=\"https:\/\/burkhard-puetz.de\/wp-content\/uploads\/2024\/08\/18.-Koelner-Liturgische-Tagung-2017-Herzogenrath-Faltblatt.pdf\" data-type=\"attachment\" data-id=\"1672\" target=\"_blank\" rel=\"noreferrer noopener\">Gesamtprogramm<\/a><\/p>\n\n\n\n<hr class=\"wp-block-separator has-alpha-channel-opacity\"\/>\n\n\n\n<p>Weitere Informationen und Anmeldung:<\/p>\n\n\n\n<p><a href=\"mailto:dekanatskantor@burkhard-puetz.de\" target=\"_blank\" rel=\"noreferrer noopener\">Kontakt<\/a><\/p>\n","protected":false},"excerpt":{"rendered":"<p>Im M\u00e4rz 2016 startete der neue Projekt-Kammerchor Cappella vocale Trier.Chorerfahrene und versierte S\u00e4ngerinnen und S\u00e4nger aus dem Dekanat Trier und Umgebung bieten ein bis zweimal j\u00e4hrlich unter der Leitung von&#8230;<\/p>\n","protected":false},"author":1,"featured_media":0,"parent":152,"menu_order":3,"comment_status":"closed","ping_status":"closed","template":"","meta":{"_kadence_starter_templates_imported_post":false,"_kad_post_transparent":"","_kad_post_title":"","_kad_post_layout":"narrow","_kad_post_sidebar_id":"","_kad_post_content_style":"","_kad_post_vertical_padding":"","_kad_post_feature":"","_kad_post_feature_position":"","_kad_post_header":false,"_kad_post_footer":false,"_kad_post_classname":"","footnotes":""},"class_list":["post-382","page","type-page","status-publish","hentry"],"_links":{"self":[{"href":"https:\/\/burkhard-puetz.de\/index.php?rest_route=\/wp\/v2\/pages\/382","targetHints":{"allow":["GET"]}}],"collection":[{"href":"https:\/\/burkhard-puetz.de\/index.php?rest_route=\/wp\/v2\/pages"}],"about":[{"href":"https:\/\/burkhard-puetz.de\/index.php?rest_route=\/wp\/v2\/types\/page"}],"author":[{"embeddable":true,"href":"https:\/\/burkhard-puetz.de\/index.php?rest_route=\/wp\/v2\/users\/1"}],"replies":[{"embeddable":true,"href":"https:\/\/burkhard-puetz.de\/index.php?rest_route=%2Fwp%2Fv2%2Fcomments&post=382"}],"version-history":[{"count":10,"href":"https:\/\/burkhard-puetz.de\/index.php?rest_route=\/wp\/v2\/pages\/382\/revisions"}],"predecessor-version":[{"id":3474,"href":"https:\/\/burkhard-puetz.de\/index.php?rest_route=\/wp\/v2\/pages\/382\/revisions\/3474"}],"up":[{"embeddable":true,"href":"https:\/\/burkhard-puetz.de\/index.php?rest_route=\/wp\/v2\/pages\/152"}],"wp:attachment":[{"href":"https:\/\/burkhard-puetz.de\/index.php?rest_route=%2Fwp%2Fv2%2Fmedia&parent=382"}],"curies":[{"name":"wp","href":"https:\/\/api.w.org\/{rel}","templated":true}]}}

<figure class="wp-block-image size-large"><img loading="lazy" decoding="async" width="1024" height="728" src="https://burkhard-puetz.de/wp-content/uploads/2024/08/DSC_0693bearb-klein-1024x728.jpg" alt="" class="wp-image-648" srcset="https://burkhard-puetz.de/wp-content/uploads/2024/08/DSC_0693bearb-klein-1024x728.jpg 1024w, https://burkhard-puetz.de/wp-content/uploads/2024/08/DSC_0693bearb-klein-300x213.jpg 300w, https://burkhard-puetz.de/wp-content/uploads/2024/08/DSC_0693bearb-klein-768x546.jpg 768w, https://burkhard-puetz.de/wp-content/uploads/2024/08/DSC_0693bearb-klein-1536x1091.jpg 1536w, https://burkhard-puetz.de/wp-content/uploads/2024/08/DSC_0693bearb-klein.jpg 1710w" sizes="auto, (max-width: 1024px) 100vw, 1024px" /><figcaption class="wp-element-caption">Cappella vocale | Projekt-Kammerchor Trier 2016 | Leitung: Dekanatskantor Burkhard Pütz</figcaption></figure>



<p>Im März 2016 startete der neue Projekt-Kammerchor <em>Cappella vocale Trier</em>.<br>Chorerfahrene und versierte Sängerinnen und Sänger aus dem Dekanat Trier und Umgebung bieten ein bis zweimal jährlich unter der Leitung von Dekanatskantor Burkhard Pütz anspruchsvolle geistliche Chorwerke – zumeist a-cappella-Kompositionen – in Konzert oder Gottesdienst dar.<br>Die projektweise vorbereiteten Aufführungen finden in verschiedenen Kirchen der Stadt Trier und darüber hinaus statt.<br>Durch die Auswahl der Literatur – von der Alten Musik bis hin zu zeitgenössischen Werken – setzt das Ensemble besondere musikalische Akzente.</p>



<hr class="wp-block-separator has-alpha-channel-opacity"/>



<p>Voraussetzungen zur Teilnahme:</p>



<ul class="wp-block-list">
<li>Chorerfahrung</li>



<li>Notenkenntnisse/Blattsing-Fähigkeiten</li>



<li>ggf. Vorsingen</li>



<li>zuverlässige Teilnahme an den Proben und Aufführungen für das jeweilige Projekt</li>



<li>eigenes Notenstudium vor Probenbeginn</li>
</ul>



<hr class="wp-block-separator has-alpha-channel-opacity"/>



<p><strong>Letztes Projekt 2023:</strong></p>



<p><strong>ZDF-Gottesdienst (Live-Übertragung) aus St. Michael, Trier-Mariahof<br></strong>am Sonntag, 6. August 2023&nbsp; | 9:30 | Verklärung des Herrn</p>



<p><strong>Programm:</strong></p>



<p>&#8211;&nbsp; Richard Runciman Terry (1865-1938): Mass of St. Dominic in C for four voices and organ (Auszüge)<br>&#8211;&nbsp; Charles Hubert Hastings Parry (1848-1918): Du höchstes Licht, du ewger Schein (&#8220;Jerusalem&#8221;)<br>&#8211;&nbsp; Anton Reinthaler: Choreinleitung &#8220;Gott in der Höh sei Preis und Ehr&#8221;<br>&#8211;&nbsp; Burkhard Pütz: Liedkantate &#8220;Herr, nimm auch uns zum Tabor mit&#8221; u. a.</p>



<p><em>Ausführende:</em><br>Projektchor <em>Cappella vocale</em> Trier-Heiligkreuz<br>Cäcilia Lauterbach, Kantorengesang<br>KMD Michael Meuser, Orgel<br>Leitung: Dekanatskantor Burkhard Pütz</p>



<p>Live-Mitschnitt in der ZDF-Mediathek:</p>



<p class="has-text-align-center"><a href="https://www.zdf.de/gesellschaft/gottesdienste/katholischer-gottesdienst-502.html" target="_blank" rel="noreferrer noopener">www.zdf.de</a>&nbsp;</p>



<p><a href="https://burkhard-puetz.de/?page_id=418" data-type="page" data-id="418" target="_blank" rel="noreferrer noopener">Fotos</a></p>



<hr class="wp-block-separator has-alpha-channel-opacity"/>



<p><strong>Projekt 2018:&nbsp;</strong></p>



<p><strong>Evensong in der Konstantin-Basilika Trier</strong></p>



<p>Bis einschließlich November 2018 finden am letzten Freitag im Monat um 19 Uhr in der Konstantin-Basilika Trier Evensongs&nbsp;– gesungene Abendgottesdienste&nbsp;– statt, jeweils gestaltet unter der Mitwirkung namhafter Chöre der Stadt und der Region Trier oder von weiter her.<br>Der Evensong ist ein liturgisches und musikalisches Juwel in der Liturgie der Anglikanischen Kirche. Seit 2016 wird diese Andachtsform aus England, in der sich Chormusik und Wort in ökumenischer Weite ergänzen, in der Evangelischen Kirche zum Erlöser regelmäßig gepflegt.</p>



<p>Die Evensong-Termine des Jahres 2018 in der Übersicht:</p>



<p>26. Januar: Evensong-Projektchor (Leitung: KMD Martin Bambauer) | Ulrich Krupp, Orgel&nbsp;</p>



<p>23. Februar: Caspar-Olevian-Chor (Leitung: KMD Martin Bambauer) | Klauspeter Bungert, Orgel&nbsp;</p>



<p>27. April:&nbsp;Evensong-Projektchor (Leitung: KMD Martin Bambauer) | KMD Carsten Wiebusch (Karlsruhe), Orgel&nbsp;</p>



<p>25. Mai: Trierer Bachchor (Leitung: KMD Martin Bambauer) | Klauspeter Bungert, Orgel&nbsp;</p>



<p>29. Juni:&nbsp;Chor des Pembroke College (Universität Oxford)&nbsp;</p>



<p>31. August: Friedrich-Spee-Chor (Leitung: Jan Wilke) | KMD Martin Bambauer, Orgel&nbsp;</p>



<p>28. September: Cantores Trevirenses (Leitung: Matthias Balzer) | KMD Martin Bambauer, Orgel&nbsp;</p>



<p><strong>26. Oktober:<br>Cappella vocale (Leitung: Dekanatskantor Burkhard Pütz) | KMD Martin Bambauer, Orgel | Liturg: Pfarrerin Vera Zens</strong></p>



<p class="has-text-align-center"><a href="https://burkhard-puetz.de/wp-content/uploads/2024/08/Evensong-26.10.2018-Cappella-vocale-Trier.pdf" data-type="attachment" data-id="1298" target="_blank" rel="noreferrer noopener">Programmheft</a></p>



<p>30. November: Trierer Domchor (Leitung: Domkapellmeister Prof. Thomas Kiefer) | KMD Martin Bambauer, Orgel</p>



<p><em>Cappella vocale</em>&nbsp; führt das Programm des Evensongs bereits vorher in einem Abendlob des Dekanats Hermeskeil auf:</p>



<p><strong>Sonntag, 7. Oktober 2018 | 18:00 | Abendlob | Kirche St. Remigius in Reinsfeld<br></strong></p>



<p><strong>Programm:</strong></p>



<ul class="wp-block-list">
<li>Thomas Tallis (um 1505-1585):<br>Glory to thee, my God, this night<br>(Arr.: Kenneth Brown)<br></li>



<li>Charles Villiers Stanford (1852-1924):<br>A Song of Trust (Psalm 121)&nbsp;<br>Nr. 2 aus: Six Bible Songs op. 113<br></li>



<li>Charles Wood (1866-1926):<br>Magnificat and Nunc dimittis in D<br></li>



<li>Charles Villiers Stanford (1852-1924):<br>O for a closer walk with God<br>aus: Six Hymns (1910)<br></li>



<li>Jacques Berthier (1923-1994):<br>Kyrie-Kanon (Chorsatz: Burkhard Pütz)<br></li>



<li>William Henry Monk (1823-1889):<br>Abide with me &#8211; Bleib bei uns, Herr<br>(Arr.: Burkhard Pütz)</li>
</ul>



<hr class="wp-block-separator has-alpha-channel-opacity"/>



<p><strong>Projekt 2017:</strong></p>



<p>Im Rahmen der <a href="http://www.liturgische-tagung.info/" data-type="link" data-id="http://www.liturgische-tagung.info/" target="_blank" rel="noreferrer noopener">18. Kölner&nbsp;Internationalen Liturgischen Tagung</a><br>29. März &#8211; 1. April 2017 in Herzogenrath bei Aachen:</p>



<p>Donnerstag, 30. März 2017 | 17:00 | Filialkirche St. Marien Herzogenrath (Kleikstraße 58)</p>



<p>Pontifikalamt nach &#8220;Divine Worship – The Missal&#8221;<br>Zelebrant und Prediger:<br>S.E. Bischof Steven Lopes, Houston/Texas USA</p>



<p>William Byrd (1543-1623):<br>&#8211; Mass for four voices<br>&#8211; Beata Virgo<br>&#8211; Ave verum corpus</p>



<p>Gregorianischer Choral der Votivmesse von den Sieben Schmerzen Mariens &#8220;Saint Mary in Passiontide&#8221;<br><em>Ausführende:</em><br>Ensemble Cappella vocale Trier<br>Leitung: Kantor Burkhard Pütz<br>Dr. Michael Tunger, Orgel</p>



<p><a href="https://burkhard-puetz.de/?page_id=418" data-type="page" data-id="418" target="_blank" rel="noreferrer noopener">Fotos</a></p>



<figure class="wp-block-image size-large"><img loading="lazy" decoding="async" width="1024" height="564" src="https://burkhard-puetz.de/wp-content/uploads/2024/08/DSC_0282a-1024x564.jpg" alt="" class="wp-image-623" srcset="https://burkhard-puetz.de/wp-content/uploads/2024/08/DSC_0282a-1024x564.jpg 1024w, https://burkhard-puetz.de/wp-content/uploads/2024/08/DSC_0282a-300x165.jpg 300w, https://burkhard-puetz.de/wp-content/uploads/2024/08/DSC_0282a-768x423.jpg 768w, https://burkhard-puetz.de/wp-content/uploads/2024/08/DSC_0282a.jpg 1201w" sizes="auto, (max-width: 1024px) 100vw, 1024px" /><figcaption class="wp-element-caption">18. Kölner Internationale Liturgische Tagung: Herzogenrath 30.03.17 | Nach dem Pontifikalamt in St. Marien, Herzogenrath: Ensemble CAPPELLA VOCALE Trier mit Bischof Steven Lopes, Houston/Texas USA</figcaption></figure>



<p><a href="https://burkhard-puetz.de/wp-content/uploads/2024/08/18.-Koelner-Liturgische-Tagung-2017-Herzogenrath-Faltblatt.pdf" data-type="attachment" data-id="1672" target="_blank" rel="noreferrer noopener">Gesamtprogramm</a></p>



<hr class="wp-block-separator has-alpha-channel-opacity"/>



<p>Weitere Informationen und Anmeldung:</p>



<p><a href="mailto:dekanatskantor@burkhard-puetz.de" target="_blank" rel="noreferrer noopener">Kontakt</a></p>

<p>Im März 2016 startete der neue Projekt-Kammerchor Cappella vocale Trier.Chorerfahrene und versierte Sängerinnen und Sänger aus dem Dekanat Trier und Umgebung bieten ein bis zweimal jährlich unter der Leitung von&#8230;</p>
