{"id":385,"date":"2024-08-05T15:18:07","date_gmt":"2024-08-05T15:18:07","guid":{"rendered":"https:\/\/burkhard-puetz.de\/?page_id=385"},"modified":"2026-04-01T09:32:23","modified_gmt":"2026-04-01T09:32:23","slug":"jubilate-musica","status":"publish","type":"page","link":"https:\/\/burkhard-puetz.de\/?page_id=385","title":{"rendered":"Jubilate Musica Luxemburg"},"content":{"rendered":"\n<figure class=\"wp-block-image size-large\"><img loading=\"lazy\" decoding=\"async\" width=\"1024\" height=\"683\" src=\"https:\/\/burkhard-puetz.de\/wp-content\/uploads\/2024\/07\/Ensemble-Vocal-Jubilate-Musica-Luxembourg-12.07.14-1-mini-1024x683.jpg\" alt=\"Ensemble Vocal Jubilate Musica Luxembourg 12.07.14 (1)\" class=\"wp-image-301\" srcset=\"https:\/\/burkhard-puetz.de\/wp-content\/uploads\/2024\/07\/Ensemble-Vocal-Jubilate-Musica-Luxembourg-12.07.14-1-mini-1024x683.jpg 1024w, https:\/\/burkhard-puetz.de\/wp-content\/uploads\/2024\/07\/Ensemble-Vocal-Jubilate-Musica-Luxembourg-12.07.14-1-mini-300x200.jpg 300w, https:\/\/burkhard-puetz.de\/wp-content\/uploads\/2024\/07\/Ensemble-Vocal-Jubilate-Musica-Luxembourg-12.07.14-1-mini-768x512.jpg 768w, https:\/\/burkhard-puetz.de\/wp-content\/uploads\/2024\/07\/Ensemble-Vocal-Jubilate-Musica-Luxembourg-12.07.14-1-mini.jpg 1472w\" sizes=\"auto, (max-width: 1024px) 100vw, 1024px\" \/><figcaption class=\"wp-element-caption\">Ensemble Vocal <em>Jubilate Musica<\/em> Luxembourg 2014<\/figcaption><\/figure>\n\n\n\n<p>Das im Jahr 1984 von Prof. Roland Kaber gegr\u00fcndete Vokalensemble widmete sich anfangs haupts\u00e4chlich der Interpretation von Werken der Renaissance und des Barock. Im Laufe der Zeit erweiterte das Ensemble sein Repertoire um Kompositionen aus der Klassik, Romantik und Gegenwart.<br>Das Ensemble tritt j\u00e4hrlich mehrfach mit geistlicher und weltlicher Chormusik auf, sowohl in Luxemburg als auch im benachbarten Ausland. Zu den H\u00f6hepunkten der letzten Jahre z\u00e4hlen Auff\u00fchrungen bedeutender Werke wie Mozarts <em>Requiem<\/em>, H\u00e4ndels <em>Messias<\/em> und Mendelssohns <em>Lobgesang<\/em> in&nbsp;Kooperation mit der Chorgemeinschaft Heiligkreuz Trier.<br>2009 stand das <em>Weihnachtsoratorium<\/em> von Camille Saint-Sa\u00ebns im Mittelpunkt des Programms, in den Jahren 2012 und 2013 Jean Langlais&#8217; <em>Messe Solennelle<\/em> und Gabriel Faur\u00e9s <em>Requiem<\/em>, 2014 schlie\u00dflich die <em>Missa brevis op. 17<\/em> von Hermann Schroeder.<br>Auch im Bereich der weltlichen Chormusik war das Ensemble vielf\u00e4ltig aktiv, etwa mit einem Konzertprogramm spanischer und s\u00fcdamerikanischer Musik sowie den <em>Zigeunerliedern<\/em> von Johannes Brahms.<br>Das Ensemble hat in nationalen und internationalen Chorwettbewerben beachtliche Erfolge erzielt und gewann in den Jahren 2002, 2005 und 2007 jeweils erste Preise mit Auszeichnung.<br>Von 1999 bis 2006 leitete der franz\u00f6sische S\u00e4nger und Dirigent Philippe Barth das Ensemble. Anschlie\u00dfend \u00fcbernahm der Trierer Dekanatskantor Burkhard P\u00fctz von Januar 2006 bis Dezember 2014 die musikalische Leitung.<\/p>\n\n\n\n<p><a href=\"https:\/\/burkhard-puetz.de\/?page_id=416\" data-type=\"page\" data-id=\"416\" target=\"_blank\" rel=\"noreferrer noopener\">Fotos<\/a><\/p>\n\n\n\n<p><a href=\"https:\/\/burkhard-puetz.de\/?page_id=1941#Audio-JM\" data-type=\"page\" data-id=\"1941\" target=\"_blank\" rel=\"noreferrer noopener\">H\u00f6rbeispiele<\/a><\/p>\n\n\n\n<p><strong>Konzertprogramme <\/strong>(Auswahl):<\/p>\n\n\n\n<ul class=\"wp-block-list\">\n<li><a href=\"https:\/\/burkhard-puetz.de\/wp-content\/uploads\/2024\/08\/Schroeder_2014_Kirchenmusik-im-Bistum-Trier.pdf\" data-type=\"attachment\" data-id=\"1670\" target=\"_blank\" rel=\"noreferrer noopener\">Rezension Schroeder-Kompositionen 2014<\/a><\/li>\n\n\n\n<li><a href=\"https:\/\/burkhard-puetz.de\/wp-content\/uploads\/2024\/08\/Programm-Sommerkonzert-2013.pdf\" data-type=\"attachment\" data-id=\"1664\" target=\"_blank\" rel=\"noreferrer noopener\">Sommerkonzert 2013<\/a><\/li>\n\n\n\n<li><a href=\"https:\/\/burkhard-puetz.de\/wp-content\/uploads\/2024\/08\/Programmheft-Konzert-JM-10.03.13.pdf\" data-type=\"attachment\" data-id=\"1669\" target=\"_blank\" rel=\"noreferrer noopener\">Programmheft Konzert 10.03.13<\/a><\/li>\n\n\n\n<li><a href=\"https:\/\/burkhard-puetz.de\/wp-content\/uploads\/2024\/08\/Programm-Geistliche-Konzerte-2012-und-2013.pdf\" data-type=\"attachment\" data-id=\"1662\" target=\"_blank\" rel=\"noreferrer noopener\">Geistliche Konzerte 2012 \/ 2013<\/a>&nbsp;\u00b7 <a href=\"https:\/\/burkhard-puetz.de\/wp-content\/uploads\/2024\/08\/Bericht-Konzert-21.10.12-Luxemburger-Wort-06.11.12.pdf\" data-type=\"attachment\" data-id=\"1650\" target=\"_blank\" rel=\"noreferrer noopener\">Rezension Konzert 2012<\/a><\/li>\n\n\n\n<li>25<sup>e<\/sup> anniversaire \u00b7 <a href=\"https:\/\/burkhard-puetz.de\/wp-content\/uploads\/2024\/08\/Programme-Concert-spirituel-JUBILATE-MUSICA-14.03.10.pdf\" data-type=\"attachment\" data-id=\"1668\" target=\"_blank\" rel=\"noreferrer noopener\">Concert spirituel 2010<\/a><\/li>\n\n\n\n<li>25<sup>e<\/sup> anniversaire \u00b7 <a href=\"https:\/\/burkhard-puetz.de\/wp-content\/uploads\/2024\/08\/Concert-douverture-2009.pdf\" data-type=\"attachment\" data-id=\"1652\" target=\"_blank\" rel=\"noreferrer noopener\">Concert d&#8217;ouverture 2009<\/a> \u00b7 <a href=\"https:\/\/burkhard-puetz.de\/wp-content\/uploads\/2024\/08\/Bericht-Konzert-Jubilate-Musica-8.11.09.pdf\" data-type=\"attachment\" data-id=\"1651\" target=\"_blank\" rel=\"noreferrer noopener\">Rezension<\/a><\/li>\n\n\n\n<li><a href=\"https:\/\/burkhard-puetz.de\/wp-content\/uploads\/2024\/08\/Programm-Adventskonzerte-November-und-Dezember-2008.pdf\" data-type=\"attachment\" data-id=\"1661\" target=\"_blank\" rel=\"noreferrer noopener\">Adventskonzerte 2008<\/a><\/li>\n\n\n\n<li><a href=\"https:\/\/burkhard-puetz.de\/wp-content\/uploads\/2024\/08\/Programm-Konzerte-Serenade-Espagnole-Juni-2008.pdf\" data-type=\"attachment\" data-id=\"1663\" target=\"_blank\" rel=\"noreferrer noopener\">Serenade Espagnole 2008<\/a><\/li>\n\n\n\n<li><a href=\"https:\/\/burkhard-puetz.de\/wp-content\/uploads\/2024\/08\/Programm-geistliche-Konzerte-November-2007-und-Maerz-2008.pdf\" data-type=\"attachment\" data-id=\"1665\" target=\"_blank\" rel=\"noreferrer noopener\">Geistliche Konzerte 2007 \/ 2008<\/a><\/li>\n\n\n\n<li><a href=\"https:\/\/burkhard-puetz.de\/wp-content\/uploads\/2024\/08\/Programm-geistliche-Konzerte-November-und-Dezember-2006.pdf\" data-type=\"attachment\" data-id=\"1666\" target=\"_blank\" rel=\"noreferrer noopener\">Geistliche Chorkonzerte 2006<\/a><\/li>\n<\/ul>\n","protected":false},"excerpt":{"rendered":"<p>Das im Jahr 1984 von Prof. Roland Kaber gegr\u00fcndete Vokalensemble widmete sich anfangs haupts\u00e4chlich der Interpretation von Werken der Renaissance und des Barock. Im Laufe der Zeit erweiterte das Ensemble&#8230;<\/p>\n","protected":false},"author":1,"featured_media":0,"parent":152,"menu_order":4,"comment_status":"closed","ping_status":"closed","template":"","meta":{"_kadence_starter_templates_imported_post":false,"_kad_post_transparent":"default","_kad_post_title":"","_kad_post_layout":"narrow","_kad_post_sidebar_id":"","_kad_post_content_style":"default","_kad_post_vertical_padding":"top","_kad_post_feature":"","_kad_post_feature_position":"","_kad_post_header":false,"_kad_post_footer":false,"_kad_post_classname":"","footnotes":""},"class_list":["post-385","page","type-page","status-publish","hentry"],"_links":{"self":[{"href":"https:\/\/burkhard-puetz.de\/index.php?rest_route=\/wp\/v2\/pages\/385","targetHints":{"allow":["GET"]}}],"collection":[{"href":"https:\/\/burkhard-puetz.de\/index.php?rest_route=\/wp\/v2\/pages"}],"about":[{"href":"https:\/\/burkhard-puetz.de\/index.php?rest_route=\/wp\/v2\/types\/page"}],"author":[{"embeddable":true,"href":"https:\/\/burkhard-puetz.de\/index.php?rest_route=\/wp\/v2\/users\/1"}],"replies":[{"embeddable":true,"href":"https:\/\/burkhard-puetz.de\/index.php?rest_route=%2Fwp%2Fv2%2Fcomments&post=385"}],"version-history":[{"count":23,"href":"https:\/\/burkhard-puetz.de\/index.php?rest_route=\/wp\/v2\/pages\/385\/revisions"}],"predecessor-version":[{"id":2471,"href":"https:\/\/burkhard-puetz.de\/index.php?rest_route=\/wp\/v2\/pages\/385\/revisions\/2471"}],"up":[{"embeddable":true,"href":"https:\/\/burkhard-puetz.de\/index.php?rest_route=\/wp\/v2\/pages\/152"}],"wp:attachment":[{"href":"https:\/\/burkhard-puetz.de\/index.php?rest_route=%2Fwp%2Fv2%2Fmedia&parent=385"}],"curies":[{"name":"wp","href":"https:\/\/api.w.org\/{rel}","templated":true}]}}

<figure class="wp-block-image size-large"><img loading="lazy" decoding="async" width="1024" height="683" src="https://burkhard-puetz.de/wp-content/uploads/2024/07/Ensemble-Vocal-Jubilate-Musica-Luxembourg-12.07.14-1-mini-1024x683.jpg" alt="Ensemble Vocal Jubilate Musica Luxembourg 12.07.14 (1)" class="wp-image-301" srcset="https://burkhard-puetz.de/wp-content/uploads/2024/07/Ensemble-Vocal-Jubilate-Musica-Luxembourg-12.07.14-1-mini-1024x683.jpg 1024w, https://burkhard-puetz.de/wp-content/uploads/2024/07/Ensemble-Vocal-Jubilate-Musica-Luxembourg-12.07.14-1-mini-300x200.jpg 300w, https://burkhard-puetz.de/wp-content/uploads/2024/07/Ensemble-Vocal-Jubilate-Musica-Luxembourg-12.07.14-1-mini-768x512.jpg 768w, https://burkhard-puetz.de/wp-content/uploads/2024/07/Ensemble-Vocal-Jubilate-Musica-Luxembourg-12.07.14-1-mini.jpg 1472w" sizes="auto, (max-width: 1024px) 100vw, 1024px" /><figcaption class="wp-element-caption">Ensemble Vocal <em>Jubilate Musica</em> Luxembourg 2014</figcaption></figure>



<p>Das im Jahr 1984 von Prof. Roland Kaber gegründete Vokalensemble widmete sich anfangs hauptsächlich der Interpretation von Werken der Renaissance und des Barock. Im Laufe der Zeit erweiterte das Ensemble sein Repertoire um Kompositionen aus der Klassik, Romantik und Gegenwart.<br>Das Ensemble tritt jährlich mehrfach mit geistlicher und weltlicher Chormusik auf, sowohl in Luxemburg als auch im benachbarten Ausland. Zu den Höhepunkten der letzten Jahre zählen Aufführungen bedeutender Werke wie Mozarts <em>Requiem</em>, Händels <em>Messias</em> und Mendelssohns <em>Lobgesang</em> in&nbsp;Kooperation mit der Chorgemeinschaft Heiligkreuz Trier.<br>2009 stand das <em>Weihnachtsoratorium</em> von Camille Saint-Saëns im Mittelpunkt des Programms, in den Jahren 2012 und 2013 Jean Langlais&#8217; <em>Messe Solennelle</em> und Gabriel Faurés <em>Requiem</em>, 2014 schließlich die <em>Missa brevis op. 17</em> von Hermann Schroeder.<br>Auch im Bereich der weltlichen Chormusik war das Ensemble vielfältig aktiv, etwa mit einem Konzertprogramm spanischer und südamerikanischer Musik sowie den <em>Zigeunerliedern</em> von Johannes Brahms.<br>Das Ensemble hat in nationalen und internationalen Chorwettbewerben beachtliche Erfolge erzielt und gewann in den Jahren 2002, 2005 und 2007 jeweils erste Preise mit Auszeichnung.<br>Von 1999 bis 2006 leitete der französische Sänger und Dirigent Philippe Barth das Ensemble. Anschließend übernahm der Trierer Dekanatskantor Burkhard Pütz von Januar 2006 bis Dezember 2014 die musikalische Leitung.</p>



<p><a href="https://burkhard-puetz.de/?page_id=416" data-type="page" data-id="416" target="_blank" rel="noreferrer noopener">Fotos</a></p>



<p><a href="https://burkhard-puetz.de/?page_id=1941#Audio-JM" data-type="page" data-id="1941" target="_blank" rel="noreferrer noopener">Hörbeispiele</a></p>



<p><strong>Konzertprogramme </strong>(Auswahl):</p>



<ul class="wp-block-list">
<li><a href="https://burkhard-puetz.de/wp-content/uploads/2024/08/Schroeder_2014_Kirchenmusik-im-Bistum-Trier.pdf" data-type="attachment" data-id="1670" target="_blank" rel="noreferrer noopener">Rezension Schroeder-Kompositionen 2014</a></li>



<li><a href="https://burkhard-puetz.de/wp-content/uploads/2024/08/Programm-Sommerkonzert-2013.pdf" data-type="attachment" data-id="1664" target="_blank" rel="noreferrer noopener">Sommerkonzert 2013</a></li>



<li><a href="https://burkhard-puetz.de/wp-content/uploads/2024/08/Programmheft-Konzert-JM-10.03.13.pdf" data-type="attachment" data-id="1669" target="_blank" rel="noreferrer noopener">Programmheft Konzert 10.03.13</a></li>



<li><a href="https://burkhard-puetz.de/wp-content/uploads/2024/08/Programm-Geistliche-Konzerte-2012-und-2013.pdf" data-type="attachment" data-id="1662" target="_blank" rel="noreferrer noopener">Geistliche Konzerte 2012 / 2013</a>&nbsp;· <a href="https://burkhard-puetz.de/wp-content/uploads/2024/08/Bericht-Konzert-21.10.12-Luxemburger-Wort-06.11.12.pdf" data-type="attachment" data-id="1650" target="_blank" rel="noreferrer noopener">Rezension Konzert 2012</a></li>



<li>25<sup>e</sup> anniversaire · <a href="https://burkhard-puetz.de/wp-content/uploads/2024/08/Programme-Concert-spirituel-JUBILATE-MUSICA-14.03.10.pdf" data-type="attachment" data-id="1668" target="_blank" rel="noreferrer noopener">Concert spirituel 2010</a></li>



<li>25<sup>e</sup> anniversaire · <a href="https://burkhard-puetz.de/wp-content/uploads/2024/08/Concert-douverture-2009.pdf" data-type="attachment" data-id="1652" target="_blank" rel="noreferrer noopener">Concert d&#8217;ouverture 2009</a> · <a href="https://burkhard-puetz.de/wp-content/uploads/2024/08/Bericht-Konzert-Jubilate-Musica-8.11.09.pdf" data-type="attachment" data-id="1651" target="_blank" rel="noreferrer noopener">Rezension</a></li>



<li><a href="https://burkhard-puetz.de/wp-content/uploads/2024/08/Programm-Adventskonzerte-November-und-Dezember-2008.pdf" data-type="attachment" data-id="1661" target="_blank" rel="noreferrer noopener">Adventskonzerte 2008</a></li>



<li><a href="https://burkhard-puetz.de/wp-content/uploads/2024/08/Programm-Konzerte-Serenade-Espagnole-Juni-2008.pdf" data-type="attachment" data-id="1663" target="_blank" rel="noreferrer noopener">Serenade Espagnole 2008</a></li>



<li><a href="https://burkhard-puetz.de/wp-content/uploads/2024/08/Programm-geistliche-Konzerte-November-2007-und-Maerz-2008.pdf" data-type="attachment" data-id="1665" target="_blank" rel="noreferrer noopener">Geistliche Konzerte 2007 / 2008</a></li>



<li><a href="https://burkhard-puetz.de/wp-content/uploads/2024/08/Programm-geistliche-Konzerte-November-und-Dezember-2006.pdf" data-type="attachment" data-id="1666" target="_blank" rel="noreferrer noopener">Geistliche Chorkonzerte 2006</a></li>
</ul>

<p>Das im Jahr 1984 von Prof. Roland Kaber gegründete Vokalensemble widmete sich anfangs hauptsächlich der Interpretation von Werken der Renaissance und des Barock. Im Laufe der Zeit erweiterte das Ensemble&#8230;</p>
