{"id":83,"date":"2024-07-28T11:25:11","date_gmt":"2024-07-28T11:25:11","guid":{"rendered":"https:\/\/burkhard-puetz.de\/?page_id=83"},"modified":"2026-04-01T10:17:24","modified_gmt":"2026-04-01T10:17:24","slug":"chorgemeinschaft-heiligkreuz-trier","status":"publish","type":"page","link":"https:\/\/burkhard-puetz.de\/?page_id=83","title":{"rendered":"Chorgemeinschaft Heiligkreuz Trier"},"content":{"rendered":"<div class=\"wp-block-image\">\n<figure class=\"aligncenter size-large\"><img loading=\"lazy\" decoding=\"async\" width=\"1024\" height=\"612\" src=\"https:\/\/burkhard-puetz.de\/wp-content\/uploads\/2024\/07\/DSC_7877ab-Klein-3-1024x612.jpg\" alt=\"\" class=\"wp-image-85\" srcset=\"https:\/\/burkhard-puetz.de\/wp-content\/uploads\/2024\/07\/DSC_7877ab-Klein-3-1024x612.jpg 1024w, https:\/\/burkhard-puetz.de\/wp-content\/uploads\/2024\/07\/DSC_7877ab-Klein-3-300x179.jpg 300w, https:\/\/burkhard-puetz.de\/wp-content\/uploads\/2024\/07\/DSC_7877ab-Klein-3-768x459.jpg 768w, https:\/\/burkhard-puetz.de\/wp-content\/uploads\/2024\/07\/DSC_7877ab-Klein-3-1536x917.jpg 1536w, https:\/\/burkhard-puetz.de\/wp-content\/uploads\/2024\/07\/DSC_7877ab-Klein-3.jpg 1703w\" sizes=\"auto, (max-width: 1024px) 100vw, 1024px\" \/><figcaption class=\"wp-element-caption\">Chorgemeinschaft Heiligkreuz Trier 2024<\/figcaption><\/figure>\n<\/div>\n\n\n<p><em>Zur Ehre Gottes,<br>zur Erbauung der Gemeinde<br>und zur eigenen Freude \u2026<\/em><\/p>\n\n\n\n<p>Die <strong>Chorgemeinschaft Heiligkreuz<\/strong> war 2001 bis 2026 der zentrale Akteur der vokalen Kirchenmusik in der Pfarreiengemeinschaft Heiligkreuz.<br>Sie gestaltete regelm\u00e4\u00dfig Gottesdienste und Chorkonzerte in den drei Pfarrkirchen Heiligkreuz, St. Maternus und St. Michael (Mariahof) in Trier und trat auch an anderen Orten wie der Trierer Konstantin-Basilika auf. Ihr Repertoire reichte von a cappella-St\u00fccken bis hin zu Werken mit Orgel- oder Orchesterbegleitung.<\/p>\n\n\n\n<p>Der Chor umfasste S\u00e4ngerinnen und S\u00e4nger verschiedenen Alters \u2013 Erwachsene sowie Jugendliche und Kinder ab 10 Jahren \u2013 aus Trier und Umgebung. Unter der Leitung von Dekanatskantor Burkhard P\u00fctz pflegte die Gemeinschaft ein reichhaltiges Repertoire aus allen Epochen der Kirchenmusik.<\/p>\n\n\n\n<p>2013 wurde die Chorgemeinschaft f\u00fcr ihr herausragendes Engagement im Dienste der Liturgie mit der Palestrina-Medaille des Allgemeinen C\u00e4cilienverbandes Deutschland ausgezeichnet. Zu weiteren Erfolgen der letzten Jahre z\u00e4hlen Konzerte mit dem Mozart-Requiem, H\u00e4ndels &#8220;Messias&#8221; und Mendelssohns &#8220;Lobgesang&#8221; sowie besondere Auftritte in Luxemburg und im K\u00f6lner Dom.<\/p>\n\n\n\n<p>Die Proben fanden donnerstags von 19:00 bis 20:45 Uhr im Pfarrzentrum St. Maternus (Karlsweg 19) statt.<\/p>\n\n\n\n<p>Die <strong>Choralschola<\/strong> widmete sich dem gregorianischen Choral und sang mehrmals j\u00e4hrlich in Gottesdiensten der drei Pfarrkirchen.<br>Die Proben fanden projektweise donnerstags 18:30 bis 19:00 oder 20.45 bis 21.15 Uhr im Pfarrzentrum St. Maternus statt.<br>Eine &#8220;Ad-hoc-Choralschola&#8221; aus Frauen- und M\u00e4nnerstimmen sang etwa einmal monatlich ein gregorianisches Ordinarium im Sonntagsgottesdienst in einer der drei Pfarrkirchen.<\/p>\n\n\n\n<hr class=\"wp-block-separator has-alpha-channel-opacity\"\/>\n\n\n\n<p><a href=\"https:\/\/burkhard-puetz.de\/?page_id=341\" data-type=\"page\" data-id=\"341\" target=\"_blank\" rel=\"noreferrer noopener\">Auftritte<\/a><\/p>\n\n\n\n<p><a href=\"https:\/\/burkhard-puetz.de\/?page_id=1941\" data-type=\"page\" data-id=\"1941\" target=\"_blank\" rel=\"noreferrer noopener\">H\u00f6rbeispiele<\/a><\/p>\n\n\n\n<p><a href=\"https:\/\/burkhard-puetz.de\/?page_id=408\" data-type=\"page\" data-id=\"408\" target=\"_blank\" rel=\"noreferrer noopener\">Fotos<\/a><\/p>\n\n\n\n<p><a href=\"https:\/\/burkhard-puetz.de\/wp-content\/uploads\/2026\/04\/Chorfahrt-Paris-Nachbericht.pdf\" data-type=\"attachment\" data-id=\"3489\" target=\"_blank\" rel=\"noreferrer noopener\">Parisfahrt der Chorgemeinschaft 2025<\/a><\/p>\n\n\n\n<p><a href=\"https:\/\/burkhard-puetz.de\/?page_id=420\" data-type=\"page\" data-id=\"420\" target=\"_blank\" rel=\"noreferrer noopener\">Fotos Auftritt K\u00f6lner Dom 2015<\/a><\/p>\n\n\n\n<p><a href=\"https:\/\/burkhard-puetz.de\/wp-content\/uploads\/2024\/08\/Bericht-Parisfahrt-2009-web.pdf\" data-type=\"attachment\" data-id=\"1622\" target=\"_blank\" rel=\"noreferrer noopener\">Parisfahrt der Chorjugend 2009<\/a><\/p>\n\n\n\n<p><a href=\"https:\/\/burkhard-puetz.de\/wp-content\/uploads\/2024\/08\/Chorausfluege-1924-2024.pdf\" data-type=\"attachment\" data-id=\"1361\" target=\"_blank\" rel=\"noreferrer noopener\">Chorausfl\u00fcge 1924 bis 2024<\/a><\/p>\n","protected":false},"excerpt":{"rendered":"<p>Zur Ehre Gottes,zur Erbauung der Gemeindeund zur eigenen Freude \u2026 Die Chorgemeinschaft Heiligkreuz war 2001 bis 2026 der zentrale Akteur der vokalen Kirchenmusik in der Pfarreiengemeinschaft Heiligkreuz.Sie gestaltete regelm\u00e4\u00dfig Gottesdienste&#8230;<\/p>\n","protected":false},"author":1,"featured_media":0,"parent":152,"menu_order":1,"comment_status":"closed","ping_status":"closed","template":"","meta":{"_kadence_starter_templates_imported_post":false,"_kad_post_transparent":"","_kad_post_title":"","_kad_post_layout":"narrow","_kad_post_sidebar_id":"","_kad_post_content_style":"","_kad_post_vertical_padding":"","_kad_post_feature":"","_kad_post_feature_position":"","_kad_post_header":false,"_kad_post_footer":false,"_kad_post_classname":"","footnotes":""},"class_list":["post-83","page","type-page","status-publish","hentry"],"_links":{"self":[{"href":"https:\/\/burkhard-puetz.de\/index.php?rest_route=\/wp\/v2\/pages\/83","targetHints":{"allow":["GET"]}}],"collection":[{"href":"https:\/\/burkhard-puetz.de\/index.php?rest_route=\/wp\/v2\/pages"}],"about":[{"href":"https:\/\/burkhard-puetz.de\/index.php?rest_route=\/wp\/v2\/types\/page"}],"author":[{"embeddable":true,"href":"https:\/\/burkhard-puetz.de\/index.php?rest_route=\/wp\/v2\/users\/1"}],"replies":[{"embeddable":true,"href":"https:\/\/burkhard-puetz.de\/index.php?rest_route=%2Fwp%2Fv2%2Fcomments&post=83"}],"version-history":[{"count":58,"href":"https:\/\/burkhard-puetz.de\/index.php?rest_route=\/wp\/v2\/pages\/83\/revisions"}],"predecessor-version":[{"id":3490,"href":"https:\/\/burkhard-puetz.de\/index.php?rest_route=\/wp\/v2\/pages\/83\/revisions\/3490"}],"up":[{"embeddable":true,"href":"https:\/\/burkhard-puetz.de\/index.php?rest_route=\/wp\/v2\/pages\/152"}],"wp:attachment":[{"href":"https:\/\/burkhard-puetz.de\/index.php?rest_route=%2Fwp%2Fv2%2Fmedia&parent=83"}],"curies":[{"name":"wp","href":"https:\/\/api.w.org\/{rel}","templated":true}]}}

<div class="wp-block-image">
<figure class="aligncenter size-large"><img loading="lazy" decoding="async" width="1024" height="612" src="https://burkhard-puetz.de/wp-content/uploads/2024/07/DSC_7877ab-Klein-3-1024x612.jpg" alt="" class="wp-image-85" srcset="https://burkhard-puetz.de/wp-content/uploads/2024/07/DSC_7877ab-Klein-3-1024x612.jpg 1024w, https://burkhard-puetz.de/wp-content/uploads/2024/07/DSC_7877ab-Klein-3-300x179.jpg 300w, https://burkhard-puetz.de/wp-content/uploads/2024/07/DSC_7877ab-Klein-3-768x459.jpg 768w, https://burkhard-puetz.de/wp-content/uploads/2024/07/DSC_7877ab-Klein-3-1536x917.jpg 1536w, https://burkhard-puetz.de/wp-content/uploads/2024/07/DSC_7877ab-Klein-3.jpg 1703w" sizes="auto, (max-width: 1024px) 100vw, 1024px" /><figcaption class="wp-element-caption">Chorgemeinschaft Heiligkreuz Trier 2024</figcaption></figure>
</div>


<p><em>Zur Ehre Gottes,<br>zur Erbauung der Gemeinde<br>und zur eigenen Freude …</em></p>



<p>Die <strong>Chorgemeinschaft Heiligkreuz</strong> war 2001 bis 2026 der zentrale Akteur der vokalen Kirchenmusik in der Pfarreiengemeinschaft Heiligkreuz.<br>Sie gestaltete regelmäßig Gottesdienste und Chorkonzerte in den drei Pfarrkirchen Heiligkreuz, St. Maternus und St. Michael (Mariahof) in Trier und trat auch an anderen Orten wie der Trierer Konstantin-Basilika auf. Ihr Repertoire reichte von a cappella-Stücken bis hin zu Werken mit Orgel- oder Orchesterbegleitung.</p>



<p>Der Chor umfasste Sängerinnen und Sänger verschiedenen Alters – Erwachsene sowie Jugendliche und Kinder ab 10 Jahren – aus Trier und Umgebung. Unter der Leitung von Dekanatskantor Burkhard Pütz pflegte die Gemeinschaft ein reichhaltiges Repertoire aus allen Epochen der Kirchenmusik.</p>



<p>2013 wurde die Chorgemeinschaft für ihr herausragendes Engagement im Dienste der Liturgie mit der Palestrina-Medaille des Allgemeinen Cäcilienverbandes Deutschland ausgezeichnet. Zu weiteren Erfolgen der letzten Jahre zählen Konzerte mit dem Mozart-Requiem, Händels &#8220;Messias&#8221; und Mendelssohns &#8220;Lobgesang&#8221; sowie besondere Auftritte in Luxemburg und im Kölner Dom.</p>



<p>Die Proben fanden donnerstags von 19:00 bis 20:45 Uhr im Pfarrzentrum St. Maternus (Karlsweg 19) statt.</p>



<p>Die <strong>Choralschola</strong> widmete sich dem gregorianischen Choral und sang mehrmals jährlich in Gottesdiensten der drei Pfarrkirchen.<br>Die Proben fanden projektweise donnerstags 18:30 bis 19:00 oder 20.45 bis 21.15 Uhr im Pfarrzentrum St. Maternus statt.<br>Eine &#8220;Ad-hoc-Choralschola&#8221; aus Frauen- und Männerstimmen sang etwa einmal monatlich ein gregorianisches Ordinarium im Sonntagsgottesdienst in einer der drei Pfarrkirchen.</p>



<hr class="wp-block-separator has-alpha-channel-opacity"/>



<p><a href="https://burkhard-puetz.de/?page_id=341" data-type="page" data-id="341" target="_blank" rel="noreferrer noopener">Auftritte</a></p>



<p><a href="https://burkhard-puetz.de/?page_id=1941" data-type="page" data-id="1941" target="_blank" rel="noreferrer noopener">Hörbeispiele</a></p>



<p><a href="https://burkhard-puetz.de/?page_id=408" data-type="page" data-id="408" target="_blank" rel="noreferrer noopener">Fotos</a></p>



<p><a href="https://burkhard-puetz.de/wp-content/uploads/2026/04/Chorfahrt-Paris-Nachbericht.pdf" data-type="attachment" data-id="3489" target="_blank" rel="noreferrer noopener">Parisfahrt der Chorgemeinschaft 2025</a></p>



<p><a href="https://burkhard-puetz.de/?page_id=420" data-type="page" data-id="420" target="_blank" rel="noreferrer noopener">Fotos Auftritt Kölner Dom 2015</a></p>



<p><a href="https://burkhard-puetz.de/wp-content/uploads/2024/08/Bericht-Parisfahrt-2009-web.pdf" data-type="attachment" data-id="1622" target="_blank" rel="noreferrer noopener">Parisfahrt der Chorjugend 2009</a></p>



<p><a href="https://burkhard-puetz.de/wp-content/uploads/2024/08/Chorausfluege-1924-2024.pdf" data-type="attachment" data-id="1361" target="_blank" rel="noreferrer noopener">Chorausflüge 1924 bis 2024</a></p>

<p>Zur Ehre Gottes,zur Erbauung der Gemeindeund zur eigenen Freude … Die Chorgemeinschaft Heiligkreuz war 2001 bis 2026 der zentrale Akteur der vokalen Kirchenmusik in der Pfarreiengemeinschaft Heiligkreuz.Sie gestaltete regelmäßig Gottesdienste&#8230;</p>
