{"id":88,"date":"2024-07-28T11:38:27","date_gmt":"2024-07-28T11:38:27","guid":{"rendered":"https:\/\/burkhard-puetz.de\/?page_id=88"},"modified":"2026-04-01T09:31:36","modified_gmt":"2026-04-01T09:31:36","slug":"kinderchor-heiligkreuz-trier","status":"publish","type":"page","link":"https:\/\/burkhard-puetz.de\/?page_id=88","title":{"rendered":"Kinderchor Heiligkreuz Trier"},"content":{"rendered":"<div class=\"wp-block-image\">\n<figure class=\"aligncenter size-large\"><img loading=\"lazy\" decoding=\"async\" width=\"1024\" height=\"683\" src=\"https:\/\/burkhard-puetz.de\/wp-content\/uploads\/2024\/07\/Kinderchoere-Heiligkreuz-St.-Maternus-St.-Michael-2006-1-1024x683.jpg\" alt=\"\" class=\"wp-image-91\" srcset=\"https:\/\/burkhard-puetz.de\/wp-content\/uploads\/2024\/07\/Kinderchoere-Heiligkreuz-St.-Maternus-St.-Michael-2006-1-1024x683.jpg 1024w, https:\/\/burkhard-puetz.de\/wp-content\/uploads\/2024\/07\/Kinderchoere-Heiligkreuz-St.-Maternus-St.-Michael-2006-1-300x200.jpg 300w, https:\/\/burkhard-puetz.de\/wp-content\/uploads\/2024\/07\/Kinderchoere-Heiligkreuz-St.-Maternus-St.-Michael-2006-1-768x512.jpg 768w, https:\/\/burkhard-puetz.de\/wp-content\/uploads\/2024\/07\/Kinderchoere-Heiligkreuz-St.-Maternus-St.-Michael-2006-1.jpg 1535w\" sizes=\"auto, (max-width: 1024px) 100vw, 1024px\" \/><figcaption class=\"wp-element-caption\">Kinderchor Heiligkreuz Trier 2006<\/figcaption><\/figure>\n<\/div>\n\n\n<p><em>Wir haben Spa\u00df &#8230;<\/em><\/p>\n\n\n\n<p>In den Grundschulen Heiligkreuz und Mariahof sangen die Kinder des 2. Schuljahres w\u00f6chentlich eine Schulstunde lang unter der Leitung von Dekanatskantor Burkhard P\u00fctz. Diese Kooperation zielte auf eine grundlegende musikalische Bildung mithilfe der Ward-Methode ab, die Tonsilben und Handzeichen kombiniert, um die Tonvorstellung zu pr\u00e4zisieren.<\/p>\n\n\n\n<p>Der <strong>Kinderchor Heiligkreuz Trier<\/strong> setzte bis 2025 die in den Grundschulen begonnene musikalische Ausbildung fort, wobei auch bereits Kinder ab dem 1. Schuljahr eine altersgerechte Stimmbildung erhielten. Die Proben umfassten Lieder und rhythmische Bewegungsspiele, die die musikalische F\u00f6rderung der Kinder unterst\u00fctzten. Das Hauptziel war, die Freude und Begeisterung der Kinder f\u00fcr das Singen und Musizieren zu wecken.<\/p>\n\n\n\n<p>Nach Wunsch und je nach Verf\u00fcgbarkeit konnte zus\u00e4tzlich Klavierunterricht angeboten werden.<\/p>\n\n\n\n<p>Die Proben des Kinderchors fanden in drei Gruppen im Pfarrzentrum St. Maternus (Karlsweg 19) statt:<\/p>\n\n\n\n<ul class=\"wp-block-list\">\n<li><strong>C-Kinderchor<\/strong> (f\u00fcr Neueinsteiger): donnerstags 16:30 bis 17:00 Uhr (August bis Februar)<\/li>\n\n\n\n<li><strong>B-Kinderchor<\/strong> (Grundschulalter, nach dem C-Kinderchor): donnerstags 17:00 bis 17:30 Uhr<\/li>\n\n\n\n<li><strong>A-Kinderchor<\/strong> (f\u00fcr Fortgeschrittene): donnerstags 17:30 bis 18:15 Uhr<br>Der A-Kinderchor sang regelm\u00e4\u00dfig in Gottesdiensten der Pfarreiengemeinschaft.<\/li>\n<\/ul>\n\n\n\n<p><a href=\"https:\/\/burkhard-puetz.de\/?page_id=410\" data-type=\"page\" data-id=\"410\" target=\"_blank\" rel=\"noreferrer noopener\">Fotos<\/a><\/p>\n\n\n\n<p><a href=\"https:\/\/burkhard-puetz.de\/?page_id=1941#Jubil\u00e4um-Maternus\" data-type=\"page\" data-id=\"1941\" target=\"_blank\" rel=\"noreferrer noopener\">H\u00f6rbeispiel<\/a>: &#8220;Risen Lord&#8221;<\/p>\n\n\n\n<hr class=\"wp-block-separator has-alpha-channel-opacity\"\/>\n","protected":false},"excerpt":{"rendered":"<p>Wir haben Spa\u00df &#8230; In den Grundschulen Heiligkreuz und Mariahof sangen die Kinder des 2. Schuljahres w\u00f6chentlich eine Schulstunde lang unter der Leitung von Dekanatskantor Burkhard P\u00fctz. Diese Kooperation zielte&#8230;<\/p>\n","protected":false},"author":1,"featured_media":0,"parent":152,"menu_order":2,"comment_status":"closed","ping_status":"closed","template":"","meta":{"_kadence_starter_templates_imported_post":false,"_kad_post_transparent":"","_kad_post_title":"","_kad_post_layout":"narrow","_kad_post_sidebar_id":"","_kad_post_content_style":"","_kad_post_vertical_padding":"","_kad_post_feature":"","_kad_post_feature_position":"","_kad_post_header":false,"_kad_post_footer":false,"_kad_post_classname":"","footnotes":""},"class_list":["post-88","page","type-page","status-publish","hentry"],"_links":{"self":[{"href":"https:\/\/burkhard-puetz.de\/index.php?rest_route=\/wp\/v2\/pages\/88","targetHints":{"allow":["GET"]}}],"collection":[{"href":"https:\/\/burkhard-puetz.de\/index.php?rest_route=\/wp\/v2\/pages"}],"about":[{"href":"https:\/\/burkhard-puetz.de\/index.php?rest_route=\/wp\/v2\/types\/page"}],"author":[{"embeddable":true,"href":"https:\/\/burkhard-puetz.de\/index.php?rest_route=\/wp\/v2\/users\/1"}],"replies":[{"embeddable":true,"href":"https:\/\/burkhard-puetz.de\/index.php?rest_route=%2Fwp%2Fv2%2Fcomments&post=88"}],"version-history":[{"count":18,"href":"https:\/\/burkhard-puetz.de\/index.php?rest_route=\/wp\/v2\/pages\/88\/revisions"}],"predecessor-version":[{"id":3473,"href":"https:\/\/burkhard-puetz.de\/index.php?rest_route=\/wp\/v2\/pages\/88\/revisions\/3473"}],"up":[{"embeddable":true,"href":"https:\/\/burkhard-puetz.de\/index.php?rest_route=\/wp\/v2\/pages\/152"}],"wp:attachment":[{"href":"https:\/\/burkhard-puetz.de\/index.php?rest_route=%2Fwp%2Fv2%2Fmedia&parent=88"}],"curies":[{"name":"wp","href":"https:\/\/api.w.org\/{rel}","templated":true}]}}