{"id":3496,"date":"2026-04-01T15:04:43","date_gmt":"2026-04-01T15:04:43","guid":{"rendered":"https:\/\/burkhard-puetz.de\/?post_type=tribe_events&#038;p=3496"},"modified":"2026-04-03T12:28:17","modified_gmt":"2026-04-03T12:28:17","slug":"5-sonntag-der-osterzeit-hochamt","status":"publish","type":"tribe_events","link":"https:\/\/burkhard-puetz.de\/?tribe_events=5-sonntag-der-osterzeit-hochamt","title":{"rendered":"5. Sonntag der Osterzeit | Hochamt"},"content":{"rendered":"<p><strong>Musikalische Highlights in St. Amandus, Konz-K\u00f6nen<\/strong><\/p>\n<p>Das Hochamt am 5. Sonntag der Osterzeit (Sonntag <em>Cantate<\/em>) am 3. Mai 2025 um 9:30 Uhr in der Kirche St. Amandus, Konz-K\u00f6nen, erh\u00e4lt eine besonders festliche musikalische Gestaltung.<\/p>\n<p>Die Sopranistin Antonia Lutz und der Organist <a href=\"https:\/\/burkhard-puetz.de\/?page_id=33\" target=\"_blank\" rel=\"noopener\">Burkhard P\u00fctz<\/a> bringen die \u201eMesse in D\u201c des zeitgen\u00f6ssischen Komponisten <em>Lambert Kleesattel<\/em> (*1959) zur Auff\u00fchrung \u2013 ein Werk, das klanglich im romantischen Stil verwurzelt ist und vor drei Jahren entstand.<\/p>\n<p>Dar\u00fcber hinaus erklingen:<br \/>\n\u2022 \u201eRegina coeli\u201c op. 171 Nr. 5 von <em>Josef Gabriel Rheinberger<\/em> (1839\u20131901)<br \/>\n\u2022 \u201eAve verum corpus\u201c von <em>Samuel Rousseau<\/em> (1853\u20131904)<br \/>\n\u2022 das strahlende \u201eAlleluia\u201c aus \u201eExsultate, jubilate\u201c KV 165 von <em>Wolfgang Amadeus Mozart<\/em> (1756\u20131791)<\/p>\n<p><a href=\"https:\/\/aeolus-music.com\/de\/pages\/page-antonia-lutz\" target=\"_blank\" rel=\"noopener\">Antonia Lutz<\/a> studierte Musikerziehung und Sologesang an der Hochschule f\u00fcr Musik Saar in Saarbr\u00fccken. Sie war Stipendiatin der Gertrud-Bienko-Stiftung und des Richard-Wagner-Verbandes. Als freiberufliche Gesangssolistin tritt sie mit eigenen Soloprogrammen sowie im Rahmen kirchenmusikalischer Konzerte auf und gastiert regelm\u00e4\u00dfig am Theater. Dar\u00fcber hinaus ist sie als Gesangsp\u00e4dagogin und Stimmbildnerin t\u00e4tig.<\/p>\n","protected":false},"excerpt":{"rendered":"<p>Lambert Kleesattel: Messe in D f\u00fcr Sologesang und Orgel<br \/>\nJosef Gabriel Rheinberger: Regina coeli op. 171 Nr. 5<br \/>\nSamuel Rousseau: Ave verum corpus<br \/>\nWolfgang Amadeus Mozart: Alleluia KV 165<\/p>\n<p>Ausf\u00fchrende:<br \/>\nAntonia Lutz, Sopran<br \/>\nBurkhard P\u00fctz, Orgel<\/p>\n","protected":false},"author":1,"featured_media":179,"template":"","meta":{"_kadence_starter_templates_imported_post":false,"_kad_post_transparent":"","_kad_post_title":"","_kad_post_layout":"","_kad_post_sidebar_id":"","_kad_post_content_style":"","_kad_post_vertical_padding":"","_kad_post_feature":"","_kad_post_feature_position":"","_kad_post_header":false,"_kad_post_footer":false,"_kad_post_classname":"","_tribe_events_status":"","_tribe_events_status_reason":"","footnotes":""},"tags":[],"tribe_events_cat":[],"class_list":["post-3496","tribe_events","type-tribe_events","status-publish","has-post-thumbnail","hentry"],"_links":{"self":[{"href":"https:\/\/burkhard-puetz.de\/index.php?rest_route=\/wp\/v2\/tribe_events\/3496","targetHints":{"allow":["GET"]}}],"collection":[{"href":"https:\/\/burkhard-puetz.de\/index.php?rest_route=\/wp\/v2\/tribe_events"}],"about":[{"href":"https:\/\/burkhard-puetz.de\/index.php?rest_route=\/wp\/v2\/types\/tribe_events"}],"author":[{"embeddable":true,"href":"https:\/\/burkhard-puetz.de\/index.php?rest_route=\/wp\/v2\/users\/1"}],"version-history":[{"count":7,"href":"https:\/\/burkhard-puetz.de\/index.php?rest_route=\/wp\/v2\/tribe_events\/3496\/revisions"}],"predecessor-version":[{"id":3513,"href":"https:\/\/burkhard-puetz.de\/index.php?rest_route=\/wp\/v2\/tribe_events\/3496\/revisions\/3513"}],"wp:featuredmedia":[{"embeddable":true,"href":"https:\/\/burkhard-puetz.de\/index.php?rest_route=\/wp\/v2\/media\/179"}],"wp:attachment":[{"href":"https:\/\/burkhard-puetz.de\/index.php?rest_route=%2Fwp%2Fv2%2Fmedia&parent=3496"}],"wp:term":[{"taxonomy":"post_tag","embeddable":true,"href":"https:\/\/burkhard-puetz.de\/index.php?rest_route=%2Fwp%2Fv2%2Ftags&post=3496"},{"taxonomy":"tribe_events_cat","embeddable":true,"href":"https:\/\/burkhard-puetz.de\/index.php?rest_route=%2Fwp%2Fv2%2Ftribe_events_cat&post=3496"}],"curies":[{"name":"wp","href":"https:\/\/api.w.org\/{rel}","templated":true}]}}

<p><strong>Musikalische Highlights in St. Amandus, Konz-Könen</strong></p>
<p>Das Hochamt am 5. Sonntag der Osterzeit (Sonntag <em>Cantate</em>) am 3. Mai 2025 um 9:30 Uhr in der Kirche St. Amandus, Konz-Könen, erhält eine besonders festliche musikalische Gestaltung.</p>
<p>Die Sopranistin Antonia Lutz und der Organist <a href="https://burkhard-puetz.de/?page_id=33" target="_blank" rel="noopener">Burkhard Pütz</a> bringen die „Messe in D“ des zeitgenössischen Komponisten <em>Lambert Kleesattel</em> (*1959) zur Aufführung – ein Werk, das klanglich im romantischen Stil verwurzelt ist und vor drei Jahren entstand.</p>
<p>Darüber hinaus erklingen:<br />
• „Regina coeli“ op. 171 Nr. 5 von <em>Josef Gabriel Rheinberger</em> (1839–1901)<br />
• „Ave verum corpus“ von <em>Samuel Rousseau</em> (1853–1904)<br />
• das strahlende „Alleluia“ aus „Exsultate, jubilate“ KV 165 von <em>Wolfgang Amadeus Mozart</em> (1756–1791)</p>
<p><a href="https://aeolus-music.com/de/pages/page-antonia-lutz" target="_blank" rel="noopener">Antonia Lutz</a> studierte Musikerziehung und Sologesang an der Hochschule für Musik Saar in Saarbrücken. Sie war Stipendiatin der Gertrud-Bienko-Stiftung und des Richard-Wagner-Verbandes. Als freiberufliche Gesangssolistin tritt sie mit eigenen Soloprogrammen sowie im Rahmen kirchenmusikalischer Konzerte auf und gastiert regelmäßig am Theater. Darüber hinaus ist sie als Gesangspädagogin und Stimmbildnerin tätig.</p>

<p>Lambert Kleesattel: Messe in D für Sologesang und Orgel<br />
Josef Gabriel Rheinberger: Regina coeli op. 171 Nr. 5<br />
Samuel Rousseau: Ave verum corpus<br />
Wolfgang Amadeus Mozart: Alleluia KV 165</p>
<p>Ausführende:<br />
Antonia Lutz, Sopran<br />
Burkhard Pütz, Orgel</p>
